CRAN Package Check Results for Package ricu

Last updated on 2024-07-21 15:53:43 CEST.

Flavor Version Tinstall Tcheck Ttotal Status Flags
r-devel-linux-x86_64-debian-clang 0.5.6 20.35 195.75 216.10 NOTE
r-devel-linux-x86_64-debian-gcc 0.5.6 13.72 149.68 163.40 NOTE
r-devel-linux-x86_64-fedora-clang 0.5.6 272.60 NOTE
r-devel-linux-x86_64-fedora-gcc 0.5.6 264.20 NOTE
r-devel-windows-x86_64 0.5.6 20.00 170.00 190.00 NOTE
r-patched-linux-x86_64 0.5.6 25.17 188.72 213.89 NOTE
r-release-linux-x86_64 0.5.6 13.15 186.60 199.75 NOTE
r-release-macos-arm64 0.5.6 74.00 NOTE
r-release-macos-x86_64 0.5.6 118.00 NOTE
r-release-windows-x86_64 0.5.6 16.00 167.00 183.00 NOTE
r-oldrel-macos-arm64 0.5.6 85.00 NOTE
r-oldrel-macos-x86_64 0.5.6 175.00 NOTE
r-oldrel-windows-x86_64 0.5.6 22.00 196.00 218.00 NOTE

Check Details

Version: 0.5.6
Check: package dependencies
Result: NOTE Packages suggested but not available for checking: 'mimic.demo', 'eicu.demo' Flavors: r-devel-linux-x86_64-debian-clang, r-devel-linux-x86_64-debian-gcc, r-devel-linux-x86_64-fedora-clang, r-devel-linux-x86_64-fedora-gcc, r-devel-windows-x86_64, r-patched-linux-x86_64, r-release-linux-x86_64, r-release-macos-arm64, r-release-macos-x86_64, r-release-windows-x86_64, r-oldrel-macos-arm64, r-oldrel-macos-x86_64, r-oldrel-windows-x86_64

Version: 0.5.6
Check: Rd cross-references
Result: NOTE Found the following Rd file(s) with Rd \link{} targets missing package anchors: ts_utils.Rd: data.table Please provide package anchors for all Rd \link{} targets not in the package itself and the base packages. Flavors: r-devel-linux-x86_64-debian-gcc, r-devel-windows-x86_64