CRAN Package Check Results for Package rhype

Last updated on 2022-09-24 15:55:29 CEST.

Flavor Version Tinstall Tcheck Ttotal Status Flags
r-devel-linux-x86_64-debian-clang 0.3.0 2.66 33.37 36.03 OK
r-devel-linux-x86_64-debian-gcc 0.3.0 2.26 25.84 28.10 OK
r-devel-linux-x86_64-fedora-clang 0.3.0 55.35 NOTE
r-devel-linux-x86_64-fedora-gcc 0.3.0 53.52 NOTE
r-devel-windows-x86_64 0.3.0 19.00 66.00 85.00 OK
r-patched-linux-x86_64 0.3.0 4.29 32.02 36.31 OK
r-release-linux-x86_64 0.3.0 3.44 31.57 35.01 OK
r-release-macos-arm64 0.3.0 18.00 NOTE
r-release-macos-x86_64 0.3.0 27.00 NOTE
r-release-windows-x86_64 0.3.0 8.00 59.00 67.00 OK
r-oldrel-macos-arm64 0.3.0 20.00 NOTE
r-oldrel-macos-x86_64 0.3.0 25.00 NOTE
r-oldrel-windows-ix86+x86_64 0.3.0 17.00 59.00 76.00 OK

Check Details

Version: 0.3.0
Check: dependencies in R code
Result: NOTE
    Namespace in Imports field not imported from: ‘R6’
     All declared Imports should be used.
Flavors: r-devel-linux-x86_64-fedora-clang, r-devel-linux-x86_64-fedora-gcc, r-release-macos-arm64, r-release-macos-x86_64, r-oldrel-macos-arm64, r-oldrel-macos-x86_64