Last updated on 2023-01-31 04:06:32 CET.
Flavor | Version | Tinstall | Tcheck | Ttotal | Status | Flags |
---|---|---|---|---|---|---|
r-devel-linux-x86_64-debian-clang | 0.0.9 | 165.31 | 2.16 | 167.47 | ERROR | |
r-devel-linux-x86_64-debian-gcc | 0.0.9 | 137.87 | 1.84 | 139.71 | ERROR | |
r-devel-linux-x86_64-fedora-clang | 0.0.10-2 | 579.00 | OK | |||
r-devel-linux-x86_64-fedora-gcc | 0.0.10-2 | 517.53 | OK | |||
r-devel-windows-x86_64 | 0.0.9 | 435.00 | 7.00 | 442.00 | ERROR | |
r-patched-linux-x86_64 | 0.0.9 | 140.44 | 3.31 | 143.75 | ERROR | |
r-release-linux-x86_64 | 0.0.9 | 147.53 | 3.69 | 151.22 | ERROR | |
r-release-macos-arm64 | 0.0.10-2 | 126.00 | NOTE | |||
r-release-macos-x86_64 | 0.0.9 | 156.00 | NOTE | |||
r-release-windows-x86_64 | 0.0.10-2 | 322.00 | 118.00 | 440.00 | OK | |
r-oldrel-macos-arm64 | 0.0.10-2 | 119.00 | NOTE | |||
r-oldrel-macos-x86_64 | 0.0.9 | 155.00 | NOTE | |||
r-oldrel-windows-ix86+x86_64 | 0.0.10-2 | 533.00 | 142.00 | 675.00 | NOTE |
Version: 0.0.9
Check: whether package can be installed
Result: ERROR
Installation failed.
Flavors: r-devel-linux-x86_64-debian-clang, r-devel-linux-x86_64-debian-gcc, r-devel-windows-x86_64, r-patched-linux-x86_64, r-release-linux-x86_64
Version: 0.0.10-2
Check: installed package size
Result: NOTE
installed size is 30.7Mb
sub-directories of 1Mb or more:
libs 29.5Mb
Flavors: r-release-macos-arm64, r-oldrel-macos-arm64, r-oldrel-windows-ix86+x86_64
Version: 0.0.9
Check: installed package size
Result: NOTE
installed size is 29.7Mb
sub-directories of 1Mb or more:
libs 28.5Mb
Flavors: r-release-macos-x86_64, r-oldrel-macos-x86_64