Last updated on 2023-11-30 15:48:28 CET.
Flavor | Version | Tinstall | Tcheck | Ttotal | Status | Flags |
---|---|---|---|---|---|---|
r-devel-linux-x86_64-debian-clang | 0.0.10-4 | 335.03 | 48.92 | 383.95 | NOTE | |
r-devel-linux-x86_64-debian-gcc | 0.0.10-4 | 251.04 | 44.88 | 295.92 | NOTE | |
r-devel-linux-x86_64-fedora-clang | 0.0.10-4 | 605.89 | OK | |||
r-devel-linux-x86_64-fedora-gcc | 0.0.10-4 | 607.65 | OK | |||
r-devel-windows-x86_64 | 0.0.10-4 | 279.00 | 109.00 | 388.00 | OK | |
r-patched-linux-x86_64 | 0.0.10-4 | 303.12 | 57.96 | 361.08 | OK | |
r-release-linux-x86_64 | 0.0.10-4 | 313.45 | 56.53 | 369.98 | OK | |
r-release-macos-arm64 | 0.0.10-4 | 102.00 | NOTE | |||
r-release-macos-x86_64 | 0.0.10-4 | 109.00 | NOTE | |||
r-release-windows-x86_64 | 0.0.10-4 | 352.00 | 129.00 | 481.00 | OK | |
r-oldrel-macos-arm64 | 0.0.10-4 | 102.00 | NOTE | |||
r-oldrel-macos-x86_64 | 0.0.10-4 | 164.00 | NOTE | |||
r-oldrel-windows-x86_64 | 0.0.10-4 | 349.00 | 109.00 | 458.00 | OK |
Version: 0.0.10-4
Check: Rd files
Result: NOTE
checkRd: (-1) azp_greedy.Rd:36: Lost braces; missing escapes or markup?
36 | \item{scale_method}{(optional) One of the scaling methods {'raw', 'standardize', 'demean', 'mad', 'range_standardize', 'range_adjust'} to apply on input data. Default is 'standardize' (Z-score normalization).}
| ^
checkRd: (-1) azp_sa.Rd:42: Lost braces; missing escapes or markup?
42 | \item{scale_method}{(optional) One of the scaling methods {'raw', 'standardize', 'demean', 'mad', 'range_standardize', 'range_adjust'} to apply on input data. Default is 'standardize' (Z-score normalization).}
| ^
checkRd: (-1) azp_tabu.Rd:42: Lost braces; missing escapes or markup?
42 | \item{scale_method}{(optional) One of the scaling methods {'raw', 'standardize', 'demean', 'mad', 'range_standardize', 'range_adjust'} to apply on input data. Default is 'standardize' (Z-score normalization).}
| ^
checkRd: (-1) local_bijoincount.Rd:27: Lost braces; missing escapes or markup?
27 | LISA computation. Options are {'complete', 'lookup'}. Default is 'complete'.}
| ^
checkRd: (-1) local_bimoran.Rd:26: Lost braces; missing escapes or markup?
26 | LISA computation. Options are {'complete', 'lookup'}. Default is 'complete'.}
| ^
checkRd: (-1) local_g.Rd:26: Lost braces; missing escapes or markup?
26 | LISA computation. Options are {'complete', 'lookup'}. Default is 'complete'.}
| ^
checkRd: (-1) local_geary.Rd:26: Lost braces; missing escapes or markup?
26 | LISA computation. Options are {'complete', 'lookup'}. Default is 'complete'.}
| ^
checkRd: (-1) local_gstar.Rd:26: Lost braces; missing escapes or markup?
26 | LISA computation. Options are {'complete', 'lookup'}. Default is 'complete'.}
| ^
checkRd: (-1) local_joincount.Rd:26: Lost braces; missing escapes or markup?
26 | LISA computation. Options are {'complete', 'lookup'}. Default is 'complete'.}
| ^
checkRd: (-1) local_moran.Rd:26: Lost braces; missing escapes or markup?
26 | LISA computation. Options are {'complete', 'lookup'}. Default is 'complete'.}
| ^
checkRd: (-1) local_moran_eb.Rd:27: Lost braces; missing escapes or markup?
27 | computation. Options are {'complete', 'lookup'}. Default is 'complete'.}
| ^
checkRd: (-1) local_multigeary.Rd:26: Lost braces; missing escapes or markup?
26 | LISA computation. Options are {'complete', 'lookup'}. Default is 'complete'.}
| ^
checkRd: (-1) local_multijoincount.Rd:27: Lost braces; missing escapes or markup?
27 | LISA computation. Options are {'complete', 'lookup'}. Default is 'complete'.}
| ^
checkRd: (-1) local_multiquantilelisa.Rd:35: Lost braces; missing escapes or markup?
35 | computation. Options are {'complete', 'lookup'}. Default is 'complete'.}
| ^
checkRd: (-1) local_quantilelisa.Rd:33: Lost braces; missing escapes or markup?
33 | computation. Options are {'complete', 'lookup'}. Default is 'complete'.}
| ^
checkRd: (-1) maxp_greedy.Rd:34: Lost braces; missing escapes or markup?
34 | \item{scale_method}{(optional) One of the scaling methods {'raw', 'standardize', 'demean', 'mad', 'range_standardize', 'range_adjust'} to apply on input data. Default is 'standardize' (Z-score normalization).}
| ^
checkRd: (-1) maxp_sa.Rd:40: Lost braces; missing escapes or markup?
40 | \item{scale_method}{(optional) One of the scaling methods {'raw', 'standardize', 'demean', 'mad', 'range_standardize', 'range_adjust'} to apply on input data. Default is 'standardize' (Z-score normalization).}
| ^
checkRd: (-1) maxp_tabu.Rd:40: Lost braces; missing escapes or markup?
40 | \item{scale_method}{(optional) One of the scaling methods {'raw', 'standardize', 'demean', 'mad', 'range_standardize', 'range_adjust'} to apply on input data. Default is 'standardize' (Z-score normalization).}
| ^
checkRd: (-1) neighbor_match_test.Rd:24-25: Lost braces
24 | \item{scale_method}{(optional) One of the scaling methods {'raw',
| ^
checkRd: (-1) neighbor_match_test.Rd:29: Lost braces; missing escapes or markup?
29 | measure the distance between input data. Options are {'euclidean', 'manhattan'}. Default is 'euclidean'.}
| ^
checkRd: (-1) redcap.Rd:34: Lost braces; missing escapes or markup?
34 | \item{scale_method}{(optional) One of the scaling methods {'raw', 'standardize', 'demean', 'mad', 'range_standardize', 'range_adjust'} to apply on input data. Default is 'standardize' (Z-score normalization).}
| ^
checkRd: (-1) schc.Rd:32: Lost braces; missing escapes or markup?
32 | \item{scale_method}{One of the scaling methods {'raw', 'standardize', 'demean', 'mad', 'range_standardize', 'range_adjust'} to apply on input data. Default is 'standardize' (Z-score normalization).}
| ^
checkRd: (-1) skater.Rd:33-34: Lost braces
33 | \item{scale_method}{One of the scaling methods {'raw', 'standardize',
| ^
Flavors: r-devel-linux-x86_64-debian-clang, r-devel-linux-x86_64-debian-gcc
Version: 0.0.10-4
Check: installed package size
Result: NOTE
installed size is 28.3Mb
sub-directories of 1Mb or more:
libs 27.1Mb
Flavors: r-release-macos-arm64, r-release-macos-x86_64, r-oldrel-macos-arm64, r-oldrel-macos-x86_64