CRAN Package Check Results for Package rfm

Last updated on 2024-06-13 15:48:36 CEST.

Flavor Version Tinstall Tcheck Ttotal Status Flags
r-devel-linux-x86_64-debian-clang 0.3.0 9.12 87.63 96.75 OK
r-devel-linux-x86_64-debian-gcc 0.3.0 0.47 1.86 2.33 ERROR
r-devel-linux-x86_64-fedora-clang 0.3.0 137.77 OK
r-devel-linux-x86_64-fedora-gcc 0.3.0 141.48 OK
r-devel-windows-x86_64 0.3.0 10.00 97.00 107.00 OK
r-patched-linux-x86_64 0.3.0 9.78 94.80 104.58 OK
r-release-linux-x86_64 0.3.0 9.38 95.50 104.88 OK
r-release-macos-arm64 0.3.0 45.00 OK
r-release-macos-x86_64 0.3.0 73.00 OK
r-release-windows-x86_64 0.3.0 10.00 103.00 113.00 OK
r-oldrel-macos-arm64 0.3.0 51.00 OK
r-oldrel-macos-x86_64 0.3.0 106.00 OK
r-oldrel-windows-x86_64 0.3.0 13.00 110.00 123.00 OK

Check Details

Version: 0.3.0
Check: package dependencies
Result: ERROR Packages required but not available: 'dplyr', 'ggplot2', 'treemapify' Packages suggested but not available for checking: 'gganimate', 'kableExtra', 'plotly', 'testthat', 'vdiffr' See section ‘The DESCRIPTION file’ in the ‘Writing R Extensions’ manual. Flavor: r-devel-linux-x86_64-debian-gcc