CRAN Package Check Results for Package rfigshare

Last updated on 2024-07-23 15:48:20 CEST.

Flavor Version Tinstall Tcheck Ttotal Status Flags
r-devel-linux-x86_64-debian-clang 0.3.8 5.45 72.28 77.73 NOTE
r-devel-linux-x86_64-debian-gcc 0.3.8 6.01 55.14 61.15 NOTE
r-devel-linux-x86_64-fedora-clang 0.3.8 107.63 NOTE
r-devel-linux-x86_64-fedora-gcc 0.3.8 107.48 NOTE
r-devel-windows-x86_64 0.3.8 9.00 76.00 85.00 NOTE
r-patched-linux-x86_64 0.3.8 7.80 69.62 77.42 NOTE
r-release-linux-x86_64 0.3.8 6.91 70.86 77.77 NOTE
r-release-macos-arm64 0.3.8 37.00 NOTE
r-release-macos-x86_64 0.3.8 57.00 NOTE
r-release-windows-x86_64 0.3.8 7.00 77.00 84.00 NOTE
r-oldrel-macos-arm64 0.3.8 36.00 OK
r-oldrel-macos-x86_64 0.3.8 53.00 OK
r-oldrel-windows-x86_64 0.3.8 10.00 87.00 97.00 OK

Check Details

Version: 0.3.8
Check: Rd files
Result: NOTE checkRd: (-1) fs_search.Rd:76: Lost braces 76 | \\code{\link{fs_auth}} \code{\link{fs_browse}} | ^ Flavors: r-devel-linux-x86_64-debian-clang, r-devel-linux-x86_64-debian-gcc, r-devel-linux-x86_64-fedora-clang, r-devel-linux-x86_64-fedora-gcc, r-devel-windows-x86_64, r-patched-linux-x86_64, r-release-linux-x86_64, r-release-macos-arm64, r-release-macos-x86_64, r-release-windows-x86_64