CRAN Package Check Results for Package reverseR

Last updated on 2022-07-06 15:49:08 CEST.

Flavor Version Tinstall Tcheck Ttotal Status Flags
r-devel-linux-x86_64-debian-clang 0.1 3.62 65.74 69.36 NOTE
r-devel-linux-x86_64-debian-gcc 0.1 3.60 49.72 53.32 NOTE
r-devel-linux-x86_64-fedora-clang 0.1 92.86 NOTE
r-devel-linux-x86_64-fedora-gcc 0.1 93.01 NOTE
r-devel-windows-x86_64 0.1 8.00 89.00 97.00 NOTE
r-patched-linux-x86_64 0.1 5.02 62.35 67.37 NOTE
r-release-linux-x86_64 0.1 5.45 62.64 68.09 NOTE
r-release-macos-arm64 0.1 23.00 NOTE
r-release-macos-x86_64 0.1 50.00 NOTE
r-release-windows-x86_64 0.1 26.00 90.00 116.00 NOTE
r-oldrel-macos-arm64 0.1 28.00 NOTE
r-oldrel-macos-x86_64 0.1 44.00 NOTE
r-oldrel-windows-ix86+x86_64 0.1 14.00 84.00 98.00 NOTE

Check Details

Version: 0.1
Check: LazyData
Result: NOTE
     'LazyData' is specified without a 'data' directory
Flavors: r-devel-linux-x86_64-debian-clang, r-devel-linux-x86_64-debian-gcc, r-devel-linux-x86_64-fedora-clang, r-devel-linux-x86_64-fedora-gcc, r-devel-windows-x86_64, r-patched-linux-x86_64, r-release-linux-x86_64, r-release-macos-arm64, r-release-macos-x86_64, r-release-windows-x86_64, r-oldrel-macos-arm64, r-oldrel-macos-x86_64, r-oldrel-windows-ix86+x86_64

Version: 0.1
Check: dependencies in R code
Result: NOTE
    Namespace in Imports field not imported from: ‘DT’
     All declared Imports should be used.
Flavors: r-devel-linux-x86_64-fedora-clang, r-devel-linux-x86_64-fedora-gcc, r-release-macos-arm64, r-release-macos-x86_64, r-oldrel-macos-arm64, r-oldrel-macos-x86_64