CRAN Package Check Results for Package retistruct

Last updated on 2021-11-28 15:48:52 CET.

Flavor Version Tinstall Tcheck Ttotal Status Flags
r-devel-linux-x86_64-debian-clang 0.6.3 NOTE
r-devel-linux-x86_64-debian-gcc 0.6.3 24.03 99.92 123.95 NOTE
r-devel-linux-x86_64-fedora-clang 0.6.3 206.29 NOTE
r-devel-linux-x86_64-fedora-gcc 0.6.3 205.61 NOTE
r-devel-windows-x86_64-new-UL 0.6.3 61.00 366.00 427.00 OK
r-devel-windows-x86_64-new-TK 0.6.3 NOTE
r-devel-windows-x86_64-old 0.6.3 35.00 142.00 177.00 OK
r-patched-linux-x86_64 0.6.3 29.99 128.57 158.56 NOTE
r-patched-solaris-x86 0.6.3 262.20 NOTE
r-release-linux-x86_64 0.6.3 25.59 125.77 151.36 NOTE
r-release-macos-arm64 0.6.3 NOTE
r-release-macos-x86_64 0.6.3 NOTE
r-release-windows-ix86+x86_64 0.6.3 55.00 248.00 303.00 OK
r-oldrel-macos-x86_64 0.6.3 NOTE
r-oldrel-windows-ix86+x86_64 0.6.3 58.00 241.00 299.00 OK

Check Details

Version: 0.6.3
Check: package dependencies
Result: NOTE
    Package suggested but not available for checking: 'gWidgets2RGtk2'
Flavors: r-devel-linux-x86_64-debian-clang, r-devel-linux-x86_64-debian-gcc, r-devel-linux-x86_64-fedora-gcc, r-devel-windows-x86_64-new-TK, r-patched-linux-x86_64, r-patched-solaris-x86, r-release-linux-x86_64

Version: 0.6.3
Check: package dependencies
Result: NOTE
    Package suggested but not available for checking: ‘gWidgets2RGtk2’
    
    Suggests orphaned packages:
     ‘RGtk2’ ‘cairoDevice’
Flavor: r-devel-linux-x86_64-fedora-clang

Version: 0.6.3
Check: dependencies in R code
Result: NOTE
    Namespace in Imports field not imported from: ‘RTriangle’
     All declared Imports should be used.
Flavors: r-devel-linux-x86_64-fedora-clang, r-devel-linux-x86_64-fedora-gcc, r-devel-windows-x86_64-new-TK, r-patched-solaris-x86, r-release-macos-arm64, r-release-macos-x86_64, r-oldrel-macos-x86_64

Version: 0.6.3
Check: package dependencies
Result: NOTE
    Packages suggested but not available for checking:
     'gWidgets2RGtk2', 'cairoDevice', 'RGtk2'
Flavor: r-release-macos-arm64