Last updated on 2023-04-02 03:51:41 CEST.
Flavor | Version | Tinstall | Tcheck | Ttotal | Status | Flags |
---|---|---|---|---|---|---|
r-devel-linux-x86_64-debian-clang | 2.2.1 | 79.31 | 338.24 | 417.55 | NOTE | |
r-devel-linux-x86_64-debian-gcc | 2.2.1 | 66.76 | 265.32 | 332.08 | NOTE | |
r-devel-linux-x86_64-fedora-clang | 2.2.1 | 532.47 | NOTE | |||
r-devel-linux-x86_64-fedora-gcc | 2.2.1 | 529.24 | NOTE | |||
r-patched-linux-x86_64 | 2.2.1 | 70.77 | 331.67 | 402.44 | NOTE | |
r-release-linux-x86_64 | 2.2.1 | 65.80 | 328.29 | 394.09 | OK | |
r-release-macos-arm64 | 2.2.1 | 206.00 | NOTE | |||
r-release-macos-x86_64 | 2.2.1 | 226.00 | NOTE | |||
r-release-windows-x86_64 | 2.2.1 | 108.00 | 420.00 | 528.00 | OK | |
r-oldrel-macos-arm64 | 2.2.1 | 173.00 | NOTE | |||
r-oldrel-macos-x86_64 | 2.2.1 | 229.00 | NOTE | |||
r-oldrel-windows-ix86+x86_64 | 2.2.1 | 174.00 | 528.00 | 702.00 | NOTE |
Version: 2.2.1
Check: C++ specification
Result: NOTE
Specified C++11: please drop specification unless essential
Flavors: r-devel-linux-x86_64-debian-clang, r-devel-linux-x86_64-debian-gcc, r-devel-linux-x86_64-fedora-clang, r-devel-linux-x86_64-fedora-gcc, r-patched-linux-x86_64
Version: 2.2.1
Check: installed package size
Result: NOTE
installed size is 8.8Mb
sub-directories of 1Mb or more:
doc 1.6Mb
libs 6.6Mb
Flavors: r-release-macos-arm64, r-release-macos-x86_64, r-oldrel-macos-arm64, r-oldrel-macos-x86_64, r-oldrel-windows-ix86+x86_64