CRAN Package Check Results for Package repurrrsive

Last updated on 2021-12-07 16:49:45 CET.

Flavor Version Tinstall Tcheck Ttotal Status Flags
r-devel-linux-x86_64-debian-clang 1.0.0 3.61 50.27 53.88 OK
r-devel-linux-x86_64-debian-gcc 1.0.0 3.34 38.68 42.02 OK
r-devel-linux-x86_64-fedora-clang 1.0.0 66.51 NOTE
r-devel-linux-x86_64-fedora-gcc 1.0.0 55.08 NOTE
r-devel-windows-x86_64-new-UL 1.0.0 11.00 80.00 91.00 OK
r-devel-windows-x86_64-new-TK 1.0.0 NOTE
r-devel-windows-x86_64-old 1.0.0 9.00 49.00 58.00 OK
r-patched-linux-x86_64 1.0.0 4.06 47.79 51.85 OK
r-release-linux-x86_64 1.0.0 3.62 47.52 51.14 OK
r-release-macos-arm64 1.0.0 NOTE
r-release-macos-x86_64 1.0.0 NOTE
r-release-windows-ix86+x86_64 1.0.0 7.00 58.00 65.00 OK
r-oldrel-macos-x86_64 1.0.0 NOTE
r-oldrel-windows-ix86+x86_64 1.0.0 9.00 61.00 70.00 OK

Check Details

Version: 1.0.0
Check: data for non-ASCII characters
Result: NOTE
     Note: found 25 marked UTF-8 strings
Flavors: r-devel-linux-x86_64-fedora-clang, r-devel-linux-x86_64-fedora-gcc, r-devel-windows-x86_64-new-TK, r-release-macos-arm64, r-release-macos-x86_64, r-oldrel-macos-x86_64