CRAN Package Check Results for Package repello

Last updated on 2024-07-20 15:48:53 CEST.

Flavor Version Tinstall Tcheck Ttotal Status Flags
r-devel-linux-x86_64-debian-clang 1.0.1 6.09 45.81 51.90 NOTE
r-devel-linux-x86_64-debian-gcc 1.0.1 4.47 35.02 39.49 NOTE
r-devel-linux-x86_64-fedora-clang 1.0.1 66.80 NOTE
r-devel-linux-x86_64-fedora-gcc 1.0.1 74.44 NOTE
r-devel-windows-x86_64 1.0.1 8.00 58.00 66.00 NOTE
r-patched-linux-x86_64 1.0.1 5.59 45.54 51.13 NOTE
r-release-linux-x86_64 1.0.1 5.43 44.31 49.74 NOTE
r-release-macos-arm64 1.0.1 29.00 NOTE
r-release-macos-x86_64 1.0.1 43.00 NOTE
r-release-windows-x86_64 1.0.1 6.00 56.00 62.00 NOTE
r-oldrel-macos-arm64 1.0.1 31.00 NOTE
r-oldrel-macos-x86_64 1.0.1 41.00 NOTE
r-oldrel-windows-x86_64 1.0.1 7.00 60.00 67.00 NOTE

Check Details

Version: 1.0.1
Check: LazyData
Result: NOTE 'LazyData' is specified without a 'data' directory Flavors: r-devel-linux-x86_64-debian-clang, r-devel-linux-x86_64-debian-gcc, r-devel-linux-x86_64-fedora-clang, r-devel-linux-x86_64-fedora-gcc, r-devel-windows-x86_64, r-patched-linux-x86_64, r-release-linux-x86_64, r-release-macos-arm64, r-release-macos-x86_64, r-release-windows-x86_64, r-oldrel-macos-arm64, r-oldrel-macos-x86_64, r-oldrel-windows-x86_64