CRAN Package Check Results for Package remoter

Last updated on 2022-01-19 04:48:34 CET.

Flavor Version Tinstall Tcheck Ttotal Status Flags
r-devel-linux-x86_64-debian-clang 0.4-0 4.25 48.52 52.77 NOTE
r-devel-linux-x86_64-debian-gcc 0.4-0 3.21 38.55 41.76 NOTE
r-devel-linux-x86_64-fedora-clang 0.4-0 68.59 NOTE
r-devel-linux-x86_64-fedora-gcc 0.4-0 56.32 NOTE
r-devel-windows-x86_64-new-UL 0.4-0 48.00 113.00 161.00 OK
r-devel-windows-x86_64-new-TK 0.4-0 NOTE
r-patched-linux-x86_64 0.4-0 3.07 47.53 50.60 NOTE
r-release-linux-x86_64 0.4-0 NOTE
r-release-macos-arm64 0.4-0 OK
r-release-macos-x86_64 0.4-0 OK
r-release-windows-ix86+x86_64 0.4-0 9.00 66.00 75.00 OK
r-oldrel-macos-x86_64 0.4-0 OK
r-oldrel-windows-ix86+x86_64 0.4-0 8.00 71.00 79.00 OK

Check Details

Version: 0.4-0
Check: package dependencies
Result: NOTE
    Package suggested but not available for checking: 'pbdRPC'
Flavors: r-devel-linux-x86_64-debian-clang, r-devel-linux-x86_64-debian-gcc, r-devel-linux-x86_64-fedora-clang, r-devel-linux-x86_64-fedora-gcc, r-devel-windows-x86_64-new-TK, r-patched-linux-x86_64, r-release-linux-x86_64