CRAN Package Check Results for Package remiod

Last updated on 2022-09-25 03:54:39 CEST.

Flavor Version Tinstall Tcheck Ttotal Status Flags
r-devel-linux-x86_64-debian-clang 1.0.1 22.77 208.90 231.67 OK
r-devel-linux-x86_64-debian-gcc 1.0.1 16.92 156.03 172.95 OK
r-devel-linux-x86_64-fedora-clang 1.0.1 303.28 OK
r-devel-linux-x86_64-fedora-gcc 1.0.1 267.82 OK
r-devel-windows-x86_64 1.0.1 38.00 221.00 259.00 OK
r-patched-linux-x86_64 1.0.1 12.08 197.22 209.30 OK
r-release-linux-x86_64 1.0.1 12.52 194.26 206.78 OK
r-release-macos-arm64 1.0.1 75.00 OK
r-release-macos-x86_64 1.0.1 103.00 OK
r-release-windows-x86_64 1.0.1 51.00 222.00 273.00 OK
r-oldrel-macos-arm64 1.0.1 71.00 OK
r-oldrel-macos-x86_64 1.0.1 103.00 OK
r-oldrel-windows-ix86+x86_64 1.0.1 39.00 219.00 258.00 WARN

Check Details

Version: 1.0.1
Check: re-building of vignette outputs
Result: WARN
    Error(s) in re-building vignettes:
    --- re-building 'ExampleBinary.md' using md
    Error: processing vignette 'ExampleBinary.md' failed with diagnostics:
    there is no package called 'markdown'
    --- failed re-building 'ExampleBinary.md'
    
    --- re-building 'ExampleGauss.md' using md
    Error: processing vignette 'ExampleGauss.md' failed with diagnostics:
    there is no package called 'markdown'
    --- failed re-building 'ExampleGauss.md'
    
    --- re-building 'introremiod.md' using md
    Error: processing vignette 'introremiod.md' failed with diagnostics:
    there is no package called 'markdown'
    --- failed re-building 'introremiod.md'
    
    SUMMARY: processing the following files failed:
     'ExampleBinary.md' 'ExampleGauss.md' 'introremiod.md'
    
    Error: Vignette re-building failed.
    Execution halted
Flavor: r-oldrel-windows-ix86+x86_64