CRAN Package Check Results for Package relliptical

Last updated on 2022-01-25 04:00:14 CET.

Flavor Version Tinstall Tcheck Ttotal Status Flags
r-devel-linux-x86_64-debian-clang 1.1.0 54.03 69.73 123.76 OK
r-devel-linux-x86_64-debian-gcc 1.1.0 42.73 54.36 97.09 OK
r-devel-linux-x86_64-fedora-clang 1.1.0 169.61 NOTE
r-devel-linux-x86_64-fedora-gcc 1.1.0 157.59 OK
r-devel-windows-x86_64-new-UL 1.1.0 84.00 112.00 196.00 OK
r-devel-windows-x86_64-new-TK 1.1.0 OK
r-patched-linux-x86_64 1.1.0 52.39 66.38 118.77 OK
r-release-linux-x86_64 1.1.0 47.85 66.30 114.15 OK
r-release-macos-arm64 1.1.0 NOTE
r-release-macos-x86_64 1.1.0 WARN --as-cran
r-release-windows-ix86+x86_64 1.1.0 129.00 128.00 257.00 OK
r-oldrel-macos-x86_64 0.9.0 WARN
r-oldrel-windows-ix86+x86_64 1.1.0 130.00 124.00 254.00 OK

Check Details

Version: 1.1.0
Check: installed package size
Result: NOTE
     installed size is 5.0Mb
     sub-directories of 1Mb or more:
     libs 4.8Mb
Flavors: r-devel-linux-x86_64-fedora-clang, r-release-macos-arm64

Version: 1.1.0
Flags: --as-cran
Check: CRAN incoming feasibility
Result: WARN
    Maintainer: ‘Katherine A. L. Valeriano <katandreina@gmail.com>’
    
    Insufficient package version (submitted: 1.1.0, existing: 1.1.0)
    
    Days since last update: 1
Flavor: r-release-macos-x86_64

Version: 1.1.0
Flags: --as-cran
Check: installed package size
Result: NOTE
     installed size is 6.5Mb
     sub-directories of 1Mb or more:
     libs 6.4Mb
Flavor: r-release-macos-x86_64

Version: 1.1.0
Flags: --as-cran
Check: top-level files
Result: NOTE
    Files ‘README.md’ or ‘NEWS.md’ cannot be checked without ‘pandoc’ being installed.
Flavor: r-release-macos-x86_64

Version: 0.9.0
Check: installed package size
Result: NOTE
     installed size is 13.2Mb
     sub-directories of 1Mb or more:
     libs 13.0Mb
Flavor: r-oldrel-macos-x86_64

Version: 0.9.0
Check: compiled code
Result: WARN
    File ‘relliptical/libs/relliptical.so’:
     Found ‘___assert_rtn’, possibly from ‘assert’ (C)
     Object: ‘Functions.o’
    
    Compiled code should not call entry points which might terminate R nor
    write to stdout/stderr instead of to the console, nor use Fortran I/O
    nor system RNGs.
    
    See ‘Writing portable packages’ in the ‘Writing R Extensions’ manual.
Flavor: r-oldrel-macos-x86_64