CRAN Package Check Results for Package relMix

Last updated on 2022-01-23 02:56:22 CET.

Flavor Version Tinstall Tcheck Ttotal Status Flags
r-devel-linux-x86_64-debian-clang 1.3.3 4.09 43.57 47.66 OK
r-devel-linux-x86_64-debian-gcc 1.3.3 3.00 34.23 37.23 OK
r-devel-linux-x86_64-fedora-clang 1.3.3 59.03 NOTE
r-devel-linux-x86_64-fedora-gcc 1.3.3 47.83 NOTE
r-devel-windows-x86_64-new-UL 1.3.3 37.00 66.00 103.00 OK
r-devel-windows-x86_64-new-TK 1.3.3 NOTE
r-patched-linux-x86_64 1.3.3 5.20 41.47 46.67 OK
r-release-linux-x86_64 1.3.3 2.53 42.09 44.62 OK
r-release-macos-arm64 1.3.3 NOTE
r-release-macos-x86_64 1.3.3 NOTE
r-release-windows-ix86+x86_64 1.3.3 8.00 54.00 62.00 OK
r-oldrel-macos-x86_64 1.3.3 NOTE
r-oldrel-windows-ix86+x86_64 1.3.3 9.00 57.00 66.00 OK

Check Details

Version: 1.3.3
Check: dependencies in R code
Result: NOTE
    Namespace in Imports field not imported from: ‘gWidgets2tcltk’
     All declared Imports should be used.
Flavors: r-devel-linux-x86_64-fedora-clang, r-devel-linux-x86_64-fedora-gcc, r-devel-windows-x86_64-new-TK, r-release-macos-arm64, r-release-macos-x86_64, r-oldrel-macos-x86_64