CRAN Package Check Results for Package regnet

Last updated on 2022-01-19 04:48:34 CET.

Flavor Version Tinstall Tcheck Ttotal Status Flags
r-devel-linux-x86_64-debian-clang 0.4.0 159.43 43.35 202.78 OK
r-devel-linux-x86_64-debian-gcc 0.4.0 124.52 33.43 157.95 OK
r-devel-linux-x86_64-fedora-clang 0.4.0 330.28 NOTE
r-devel-linux-x86_64-fedora-gcc 0.4.0 281.06 OK
r-devel-windows-x86_64-new-UL 0.4.0 146.00 92.00 238.00 OK
r-devel-windows-x86_64-new-TK 0.4.0 OK
r-patched-linux-x86_64 0.4.0 148.33 42.20 190.53 OK
r-release-linux-x86_64 0.4.0 OK
r-release-macos-arm64 0.4.0 NOTE
r-release-macos-x86_64 0.4.0 NOTE
r-release-windows-ix86+x86_64 0.4.0 429.00 86.00 515.00 OK
r-oldrel-macos-x86_64 0.4.0 NOTE
r-oldrel-windows-ix86+x86_64 0.4.0 431.00 86.00 517.00 OK

Check Details

Version: 0.4.0
Check: installed package size
Result: NOTE
     installed size is 5.4Mb
     sub-directories of 1Mb or more:
     data 1.6Mb
     libs 3.7Mb
Flavors: r-devel-linux-x86_64-fedora-clang, r-release-macos-arm64, r-release-macos-x86_64, r-oldrel-macos-x86_64