Last updated on 2023-01-28 03:56:01 CET.
Flavor | Version | Tinstall | Tcheck | Ttotal | Status | Flags |
---|---|---|---|---|---|---|
r-devel-linux-x86_64-debian-clang | 0.1.1 | 6.02 | 56.51 | 62.53 | OK | |
r-devel-linux-x86_64-debian-gcc | 0.1.1 | 4.87 | 42.27 | 47.14 | OK | |
r-devel-linux-x86_64-fedora-clang | 0.1.1 | 77.91 | NOTE | |||
r-devel-linux-x86_64-fedora-gcc | 0.1.1 | 87.31 | NOTE | |||
r-patched-linux-x86_64 | 0.1.1 | 5.14 | 55.17 | 60.31 | OK | |
r-release-linux-x86_64 | 0.1.1 | 6.89 | 55.19 | 62.08 | OK | |
r-release-macos-arm64 | 0.1.1 | 26.00 | NOTE | |||
r-release-macos-x86_64 | 0.1.1 | 48.00 | NOTE | |||
r-release-windows-x86_64 | 0.1.1 | 16.00 | 93.00 | 109.00 | OK | |
r-oldrel-macos-arm64 | 0.1.1 | 29.00 | NOTE | |||
r-oldrel-macos-x86_64 | 0.1.1 | 36.00 | NOTE | |||
r-oldrel-windows-ix86+x86_64 | 0.1.1 | 16.00 | 98.00 | 114.00 | OK |
Version: 0.1.1
Check: dependencies in R code
Result: NOTE
Namespaces in Imports field not imported from:
‘knitr’ ‘textshaping’
All declared Imports should be used.
Flavors: r-devel-linux-x86_64-fedora-clang, r-devel-linux-x86_64-fedora-gcc, r-release-macos-arm64, r-release-macos-x86_64, r-oldrel-macos-arm64, r-oldrel-macos-x86_64
Version: 0.1.1
Check: data for non-ASCII characters
Result: NOTE
Note: found 20 marked UTF-8 strings
Flavors: r-devel-linux-x86_64-fedora-clang, r-devel-linux-x86_64-fedora-gcc, r-release-macos-arm64, r-release-macos-x86_64, r-oldrel-macos-arm64, r-oldrel-macos-x86_64