CRAN Package Check Results for Package reghelper

Last updated on 2021-10-16 15:50:57 CEST.

Flavor Version Tinstall Tcheck Ttotal Status Flags
r-devel-linux-x86_64-debian-clang 1.0.2 3.93 51.97 55.90 NOTE
r-devel-linux-x86_64-debian-gcc 1.0.2 2.86 38.95 41.81 NOTE
r-devel-linux-x86_64-fedora-clang 1.0.2 78.49 NOTE
r-devel-linux-x86_64-fedora-gcc 1.0.2 67.02 NOTE
r-devel-windows-x86_64 1.0.2 7.00 56.00 63.00 NOTE
r-devel-windows-x86_64-gcc10-UCRT 1.0.2 NOTE
r-patched-linux-x86_64 1.0.2 4.11 48.86 52.97 NOTE
r-patched-solaris-x86 1.0.2 92.10 NOTE
r-release-linux-x86_64 1.0.2 3.92 49.59 53.51 NOTE
r-release-macos-arm64 1.0.2 NOTE
r-release-macos-x86_64 1.0.2 NOTE
r-release-windows-ix86+x86_64 1.0.2 8.00 74.00 82.00 NOTE
r-oldrel-macos-x86_64 1.0.2 OK
r-oldrel-windows-ix86+x86_64 1.0.2 9.00 74.00 83.00 OK

Check Details

Version: 1.0.2
Check: LazyData
Result: NOTE
     'LazyData' is specified without a 'data' directory
Flavors: r-devel-linux-x86_64-debian-clang, r-devel-linux-x86_64-debian-gcc, r-devel-linux-x86_64-fedora-clang, r-devel-linux-x86_64-fedora-gcc, r-devel-windows-x86_64, r-devel-windows-x86_64-gcc10-UCRT, r-patched-linux-x86_64, r-patched-solaris-x86, r-release-linux-x86_64, r-release-macos-arm64, r-release-macos-x86_64, r-release-windows-ix86+x86_64