CRAN Package Check Results for Package refuge

Last updated on 2022-01-23 02:56:22 CET.

Flavor Version Tinstall Tcheck Ttotal Status Flags
r-devel-linux-x86_64-debian-clang 0.3.3 4.17 53.38 57.55 NOTE
r-devel-linux-x86_64-debian-gcc 0.3.3 3.20 40.29 43.49 NOTE
r-devel-linux-x86_64-fedora-clang 0.3.3 69.18 NOTE
r-devel-linux-x86_64-fedora-gcc 0.3.3 57.08 NOTE
r-devel-windows-x86_64-new-UL 0.3.3 17.00 74.00 91.00 NOTE
r-devel-windows-x86_64-new-TK 0.3.3 NOTE
r-patched-linux-x86_64 0.3.3 3.65 49.70 53.35 NOTE
r-release-linux-x86_64 0.3.3 3.78 48.36 52.14 NOTE
r-release-macos-arm64 0.3.3 NOTE
r-release-macos-x86_64 0.3.3 NOTE
r-release-windows-ix86+x86_64 0.3.3 11.00 60.00 71.00 NOTE
r-oldrel-macos-x86_64 0.3.3 OK
r-oldrel-windows-ix86+x86_64 0.3.3 11.00 67.00 78.00 OK

Check Details

Version: 0.3.3
Check: LazyData
Result: NOTE
     'LazyData' is specified without a 'data' directory
Flavors: r-devel-linux-x86_64-debian-clang, r-devel-linux-x86_64-debian-gcc, r-devel-linux-x86_64-fedora-clang, r-devel-linux-x86_64-fedora-gcc, r-devel-windows-x86_64-new-UL, r-devel-windows-x86_64-new-TK, r-patched-linux-x86_64, r-release-linux-x86_64, r-release-macos-arm64, r-release-macos-x86_64, r-release-windows-ix86+x86_64