Last updated on 2023-03-26 15:52:43 CEST.
Flavor | Version | Tinstall | Tcheck | Ttotal | Status | Flags |
---|---|---|---|---|---|---|
r-devel-linux-x86_64-debian-clang | 1.2.2 | 14.74 | 111.15 | 125.89 | OK | |
r-devel-linux-x86_64-debian-gcc | 1.2.2 | 10.57 | 86.33 | 96.90 | OK | |
r-devel-linux-x86_64-fedora-clang | 1.2.2 | 164.13 | NOTE | |||
r-devel-linux-x86_64-fedora-gcc | 1.2.2 | 162.21 | NOTE | |||
r-patched-linux-x86_64 | 1.2.2 | 13.70 | 107.62 | 121.32 | OK | |
r-release-linux-x86_64 | 1.2.2 | 8.81 | 113.46 | 122.27 | OK | |
r-release-macos-arm64 | 1.2.2 | 49.00 | NOTE | |||
r-release-macos-x86_64 | 1.2.2 | 86.00 | NOTE | |||
r-release-windows-x86_64 | 1.2.2 | 31.00 | 162.00 | 193.00 | OK | |
r-oldrel-macos-arm64 | 1.2.2 | 56.00 | NOTE | |||
r-oldrel-macos-x86_64 | 1.2.2 | 66.00 | NOTE | |||
r-oldrel-windows-ix86+x86_64 | 1.2.2 | 27.00 | 141.00 | 168.00 | OK |
Version: 1.2.2
Check: dependencies in R code
Result: NOTE
Namespaces in Imports field not imported from:
‘SemiPar’ ‘caret’ ‘dplyr’ ‘scales’
All declared Imports should be used.
Flavors: r-devel-linux-x86_64-fedora-clang, r-devel-linux-x86_64-fedora-gcc, r-release-macos-arm64, r-release-macos-x86_64, r-oldrel-macos-arm64, r-oldrel-macos-x86_64