CRAN Package Check Results for Package reddPrec

Last updated on 2022-01-27 15:53:45 CET.

Flavor Version Tinstall Tcheck Ttotal Status Flags
r-devel-linux-x86_64-debian-clang 0.4.0 7.96 82.74 90.70 NOTE
r-devel-linux-x86_64-debian-gcc 0.4.0 6.29 63.26 69.55 NOTE
r-devel-linux-x86_64-fedora-clang 0.4.0 103.37 NOTE
r-devel-linux-x86_64-fedora-gcc 0.4.0 97.83 NOTE
r-devel-windows-x86_64-new-UL 0.4.0 22.00 123.00 145.00 OK
r-devel-windows-x86_64-new-TK 0.4.0 OK
r-patched-linux-x86_64 0.4.0 4.55 75.15 79.70 NOTE
r-release-linux-x86_64 0.4.0 5.85 76.11 81.96 NOTE
r-release-macos-arm64 0.4.0 OK
r-release-macos-x86_64 0.4.0 OK
r-release-windows-ix86+x86_64 0.4.0 19.00 105.00 124.00 OK
r-oldrel-macos-x86_64 0.4.0 OK
r-oldrel-windows-ix86+x86_64 0.4.0 19.00 115.00 134.00 OK

Check Details

Version: 0.4.0
Check: for non-standard things in the check directory
Result: NOTE
    Found the following files/directories:
     'Filled.RData' 'cleaned.RData' 'days' 'gridded'
Flavors: r-devel-linux-x86_64-debian-clang, r-devel-linux-x86_64-debian-gcc, r-devel-linux-x86_64-fedora-clang, r-devel-linux-x86_64-fedora-gcc, r-patched-linux-x86_64, r-release-linux-x86_64