CRAN Package Check Results for Package recometrics

Last updated on 2025-04-30 04:50:16 CEST.

Flavor Version Tinstall Tcheck Ttotal Status Flags
r-devel-linux-x86_64-debian-clang 0.1.6-3 27.71 95.17 122.88 NOTE
r-devel-linux-x86_64-debian-gcc 0.1.6-3 21.55 70.18 91.73 NOTE
r-devel-linux-x86_64-fedora-clang 0.1.6-3 212.28 OK
r-devel-linux-x86_64-fedora-gcc 0.1.6-3 228.21 OK
r-devel-windows-x86_64 0.1.6-3 35.00 124.00 159.00 OK
r-patched-linux-x86_64 0.1.6-3 28.47 90.56 119.03 OK
r-release-linux-x86_64 0.1.6-3 29.78 92.97 122.75 OK
r-release-macos-arm64 0.1.6-3 70.00 OK
r-release-macos-x86_64 0.1.6-3 121.00 OK
r-release-windows-x86_64 0.1.6-3 38.00 125.00 163.00 OK
r-oldrel-macos-arm64 0.1.6-3 61.00 OK
r-oldrel-macos-x86_64 0.1.6-3 96.00 OK
r-oldrel-windows-x86_64 0.1.6-3 41.00 147.00 188.00 OK

Additional issues

Intel

Check Details

Version: 0.1.6-3
Check: CRAN incoming feasibility
Result: NOTE Maintainer: ‘David Cortes <david.cortes.rivera@gmail.com>’ No Authors@R field in DESCRIPTION. Please add one, modifying Authors@R: person(given = "David", family = "Cortes", role = c("aut", "cre"), email = "david.cortes.rivera@gmail.com") as necessary. Flavors: r-devel-linux-x86_64-debian-clang, r-devel-linux-x86_64-debian-gcc