CRAN Package Check Results for Package recolorize

Last updated on 2022-10-06 03:58:39 CEST.

Flavor Version Tinstall Tcheck Ttotal Status Flags
r-devel-linux-x86_64-debian-clang 0.1.0 3.31 174.03 177.34 OK
r-devel-linux-x86_64-debian-gcc 0.1.0 3.66 122.03 125.69 OK
r-devel-linux-x86_64-fedora-clang 0.1.0 226.07 NOTE
r-devel-linux-x86_64-fedora-gcc 0.1.0 217.34 OK
r-devel-windows-x86_64 0.1.0 74.00 224.00 298.00 OK
r-patched-linux-x86_64 0.1.0 6.34 178.86 185.20 OK
r-release-linux-x86_64 0.1.0 5.18 174.31 179.49 OK
r-release-macos-arm64 0.1.0 94.00 OK
r-release-macos-x86_64 0.1.0 142.00 OK
r-release-windows-x86_64 0.1.0 85.00 240.00 325.00 OK
r-oldrel-macos-arm64 0.1.0 76.00 OK
r-oldrel-macos-x86_64 0.1.0 120.00 OK
r-oldrel-windows-ix86+x86_64 0.1.0 11.00 226.00 237.00 OK

Check Details

Version: 0.1.0
Check: Rd cross-references
Result: NOTE
    Undeclared package ‘jpeg’ in Rd xrefs
Flavor: r-devel-linux-x86_64-fedora-clang