Last updated on 2023-01-29 16:55:07 CET.
Flavor | Version | Tinstall | Tcheck | Ttotal | Status | Flags |
---|---|---|---|---|---|---|
r-devel-linux-x86_64-debian-clang | 0.0-2 | 2.97 | 27.45 | 30.42 | NOTE | |
r-devel-linux-x86_64-debian-gcc | 0.0-2 | 2.72 | 21.53 | 24.25 | NOTE | |
r-devel-linux-x86_64-fedora-clang | 0.0-2 | 38.74 | NOTE | |||
r-devel-linux-x86_64-fedora-gcc | 0.0-2 | 37.27 | NOTE | |||
r-devel-windows-x86_64 | 0.0-2 | 177.00 | 59.00 | 236.00 | NOTE | |
r-patched-linux-x86_64 | 0.0-2 | 3.12 | 26.86 | 29.98 | NOTE | |
r-release-linux-x86_64 | 0.0-2 | 2.91 | 27.29 | 30.20 | NOTE | |
r-release-macos-arm64 | 0.0-2 | 18.00 | NOTE | |||
r-release-macos-x86_64 | 0.0-2 | 23.00 | NOTE | |||
r-release-windows-x86_64 | 0.0-2 | 171.00 | 51.00 | 222.00 | NOTE | |
r-oldrel-macos-arm64 | 0.0-2 | 19.00 | NOTE | |||
r-oldrel-macos-x86_64 | 0.0-2 | 28.00 | NOTE | |||
r-oldrel-windows-ix86+x86_64 | 0.0-2 | 8.00 | 49.00 | 57.00 | NOTE |
Version: 0.0-2
Check: LazyData
Result: NOTE
'LazyData' is specified without a 'data' directory
Flavors: r-devel-linux-x86_64-debian-clang, r-devel-linux-x86_64-debian-gcc, r-devel-linux-x86_64-fedora-clang, r-devel-linux-x86_64-fedora-gcc, r-devel-windows-x86_64, r-patched-linux-x86_64, r-release-linux-x86_64, r-release-macos-arm64, r-release-macos-x86_64, r-release-windows-x86_64, r-oldrel-macos-arm64, r-oldrel-macos-x86_64, r-oldrel-windows-ix86+x86_64