CRAN Package Check Results for Package rebus.numbers

Last updated on 2023-01-29 16:55:07 CET.

Flavor Version Tinstall Tcheck Ttotal Status Flags
r-devel-linux-x86_64-debian-clang 0.0-1 2.27 22.84 25.11 NOTE
r-devel-linux-x86_64-debian-gcc 0.0-1 1.71 18.32 20.03 NOTE
r-devel-linux-x86_64-fedora-clang 0.0-1 31.83 NOTE
r-devel-linux-x86_64-fedora-gcc 0.0-1 30.85 NOTE
r-devel-windows-x86_64 0.0-1 31.00 56.00 87.00 NOTE
r-patched-linux-x86_64 0.0-1 4.26 23.35 27.61 NOTE
r-release-linux-x86_64 0.0-1 2.12 23.44 25.56 NOTE
r-release-macos-arm64 0.0-1 15.00 NOTE
r-release-macos-x86_64 0.0-1 22.00 NOTE
r-release-windows-x86_64 0.0-1 14.00 61.00 75.00 NOTE
r-oldrel-macos-arm64 0.0-1 22.00 NOTE
r-oldrel-macos-x86_64 0.0-1 27.00 NOTE
r-oldrel-windows-ix86+x86_64 0.0-1 5.00 50.00 55.00 NOTE

Check Details

Version: 0.0-1
Check: LazyData
Result: NOTE
     'LazyData' is specified without a 'data' directory
Flavors: r-devel-linux-x86_64-debian-clang, r-devel-linux-x86_64-debian-gcc, r-devel-linux-x86_64-fedora-clang, r-devel-linux-x86_64-fedora-gcc, r-devel-windows-x86_64, r-patched-linux-x86_64, r-release-linux-x86_64, r-release-macos-arm64, r-release-macos-x86_64, r-release-windows-x86_64, r-oldrel-macos-arm64, r-oldrel-macos-x86_64, r-oldrel-windows-ix86+x86_64