CRAN Package Check Results for Package rebus.base

Last updated on 2022-11-26 16:03:04 CET.

Flavor Version Tinstall Tcheck Ttotal Status Flags
r-devel-linux-x86_64-debian-clang 0.0-3 1.85 28.08 29.93 NOTE
r-devel-linux-x86_64-debian-gcc 0.0-3 1.92 22.04 23.96 NOTE
r-devel-linux-x86_64-fedora-clang 0.0-3 48.98 NOTE
r-devel-linux-x86_64-fedora-gcc 0.0-3 46.56 NOTE
r-devel-windows-x86_64 0.0-3 49.00 63.00 112.00 NOTE
r-patched-linux-x86_64 0.0-3 NOTE
r-release-linux-x86_64 0.0-3 2.34 26.52 28.86 NOTE
r-release-macos-arm64 0.0-3 17.00 NOTE
r-release-macos-x86_64 0.0-3 22.00 NOTE
r-release-windows-x86_64 0.0-3 36.00 55.00 91.00 NOTE
r-oldrel-macos-arm64 0.0-3 18.00 NOTE
r-oldrel-macos-x86_64 0.0-3 26.00 NOTE
r-oldrel-windows-ix86+x86_64 0.0-3 6.00 50.00 56.00 NOTE

Check Details

Version: 0.0-3
Check: LazyData
Result: NOTE
     'LazyData' is specified without a 'data' directory
Flavors: r-devel-linux-x86_64-debian-clang, r-devel-linux-x86_64-debian-gcc, r-devel-linux-x86_64-fedora-clang, r-devel-linux-x86_64-fedora-gcc, r-devel-windows-x86_64, r-patched-linux-x86_64, r-release-linux-x86_64, r-release-macos-arm64, r-release-macos-x86_64, r-release-windows-x86_64, r-oldrel-macos-arm64, r-oldrel-macos-x86_64, r-oldrel-windows-ix86+x86_64

Version: 0.0-3
Check: Rd cross-references
Result: NOTE
    Undeclared package ‘rebus.unicode’ in Rd xrefs
Flavor: r-devel-linux-x86_64-fedora-clang