CRAN Package Check Results for Package reader

Last updated on 2022-01-26 15:53:01 CET.

Flavor Version Tinstall Tcheck Ttotal Status Flags
r-devel-linux-x86_64-debian-clang 1.0.6 2.40 37.45 39.85 NOTE
r-devel-linux-x86_64-debian-gcc 1.0.6 2.69 29.69 32.38 NOTE
r-devel-linux-x86_64-fedora-clang 1.0.6 51.22 NOTE
r-devel-linux-x86_64-fedora-gcc 1.0.6 39.72 NOTE
r-devel-windows-x86_64-new-UL 1.0.6 25.00 58.00 83.00 OK
r-devel-windows-x86_64-new-TK 1.0.6 OK
r-patched-linux-x86_64 1.0.6 3.70 37.10 40.80 NOTE
r-release-linux-x86_64 1.0.6 2.80 36.75 39.55 NOTE
r-release-macos-arm64 1.0.6 OK
r-release-macos-x86_64 1.0.6 OK
r-release-windows-ix86+x86_64 1.0.6 7.00 45.00 52.00 OK
r-oldrel-macos-x86_64 1.0.6 OK
r-oldrel-windows-ix86+x86_64 1.0.6 7.00 46.00 53.00 OK

Check Details

Version: 1.0.6
Check: for non-standard things in the check directory
Result: NOTE
    Found the following files/directories:
     'temp.txt' 'temp2.csv' 'temp3.rda'
Flavors: r-devel-linux-x86_64-debian-clang, r-devel-linux-x86_64-debian-gcc, r-devel-linux-x86_64-fedora-clang, r-devel-linux-x86_64-fedora-gcc, r-patched-linux-x86_64, r-release-linux-x86_64