CRAN Package Check Results for Package reactR

Last updated on 2022-01-21 16:51:04 CET.

Flavor Version Tinstall Tcheck Ttotal Status Flags
r-devel-linux-x86_64-debian-clang 0.4.4 2.64 39.35 41.99 NOTE
r-devel-linux-x86_64-debian-gcc 0.4.4 1.80 30.51 32.31 NOTE
r-devel-linux-x86_64-fedora-clang 0.4.4 51.77 NOTE
r-devel-linux-x86_64-fedora-gcc 0.4.4 40.05 NOTE
r-devel-windows-x86_64-new-UL 0.4.4 71.00 86.00 157.00 NOTE
r-devel-windows-x86_64-new-TK 0.4.4 NOTE
r-patched-linux-x86_64 0.4.4 2.19 38.83 41.02 NOTE
r-release-linux-x86_64 0.4.4 2.46 38.72 41.18 NOTE
r-release-macos-arm64 0.4.4 NOTE
r-release-macos-x86_64 0.4.4 NOTE
r-release-windows-ix86+x86_64 0.4.4 7.00 48.00 55.00 NOTE
r-oldrel-macos-x86_64 0.4.4 OK
r-oldrel-windows-ix86+x86_64 0.4.4 6.00 53.00 59.00 OK

Check Details

Version: 0.4.4
Check: LazyData
Result: NOTE
     'LazyData' is specified without a 'data' directory
Flavors: r-devel-linux-x86_64-debian-clang, r-devel-linux-x86_64-debian-gcc, r-devel-linux-x86_64-fedora-clang, r-devel-linux-x86_64-fedora-gcc, r-devel-windows-x86_64-new-UL, r-devel-windows-x86_64-new-TK, r-patched-linux-x86_64, r-release-linux-x86_64, r-release-macos-arm64, r-release-macos-x86_64, r-release-windows-ix86+x86_64