CRAN Package Check Results for Package reactR

Last updated on 2024-07-25 04:50:02 CEST.

Flavor Version Tinstall Tcheck Ttotal Status Flags
r-devel-linux-x86_64-debian-clang 0.6.0 2.20 40.23 42.43 OK
r-devel-linux-x86_64-debian-gcc 0.6.0 2.26 30.59 32.85 OK
r-devel-linux-x86_64-fedora-clang 0.6.0 58.56 OK
r-devel-linux-x86_64-fedora-gcc 0.6.0 65.34 OK
r-devel-windows-x86_64 0.6.0 5.00 54.00 59.00 OK
r-patched-linux-x86_64 0.6.0 3.37 37.73 41.10 OK
r-release-linux-x86_64 0.6.0 2.87 37.74 40.61 OK
r-release-macos-arm64 0.6.0 52.00 OK
r-release-macos-x86_64 0.6.0 73.00 OK
r-release-windows-x86_64 0.6.0 4.00 54.00 58.00 OK
r-oldrel-macos-arm64 0.6.0 35.00 ERROR
r-oldrel-macos-x86_64 0.6.0 63.00 ERROR
r-oldrel-windows-x86_64 0.6.0 5.00 54.00 59.00 OK

Check Details

Version: 0.6.0
Check: running R code from vignettes
Result: ERROR Errors in running code in vignettes: when running code in ‘intro_htmlwidgets.Rmd’ ... > knitr::opts_chunk$set(eval = FALSE) > install.packages(c("shiny", "devtools", "usethis", + "htmlwidgets", "reactR")) Installing packages into ‘/Volumes/Builds/packages/big-sur-arm64/results/4.3/reactR.Rcheck’ (as ‘lib’ is unspecified) When sourcing ‘intro_htmlwidgets.R’: Error: trying to use CRAN without setting a mirror Execution halted when running code in ‘intro_inputs.Rmd’ ... > knitr::opts_chunk$set(eval = FALSE) > install.packages(c("shiny", "devtools", "usethis", + "reactR")) Installing packages into ‘/Volumes/Builds/packages/big-sur-arm64/results/4.3/reactR.Rcheck’ (as ‘lib’ is unspecified) When sourcing ‘intro_inputs.R’: Error: trying to use CRAN without setting a mirror Execution halted ‘intro_htmlwidgets.Rmd’ using ‘UTF-8’... failed ‘intro_inputs.Rmd’ using ‘UTF-8’... failed ‘intro_reactR.Rmd’ using ‘UTF-8’... [0s/0s] OK Flavor: r-oldrel-macos-arm64

Version: 0.6.0
Check: running R code from vignettes
Result: ERROR Errors in running code in vignettes: when running code in ‘intro_htmlwidgets.Rmd’ ... > knitr::opts_chunk$set(eval = FALSE) > install.packages(c("shiny", "devtools", "usethis", + "htmlwidgets", "reactR")) Installing packages into ‘/Volumes/Builds/packages/big-sur-x86_64/results/4.3/reactR.Rcheck’ (as ‘lib’ is unspecified) When sourcing ‘intro_htmlwidgets.R’: Error: trying to use CRAN without setting a mirror Execution halted when running code in ‘intro_inputs.Rmd’ ... > knitr::opts_chunk$set(eval = FALSE) > install.packages(c("shiny", "devtools", "usethis", + "reactR")) Installing packages into ‘/Volumes/Builds/packages/big-sur-x86_64/results/4.3/reactR.Rcheck’ (as ‘lib’ is unspecified) When sourcing ‘intro_inputs.R’: Error: trying to use CRAN without setting a mirror Execution halted ‘intro_htmlwidgets.Rmd’ using ‘UTF-8’... failed ‘intro_inputs.Rmd’ using ‘UTF-8’... failed ‘intro_reactR.Rmd’ using ‘UTF-8’... [1s/1s] OK Flavor: r-oldrel-macos-x86_64