CRAN Package Check Results for Package re2

Last updated on 2022-01-19 04:48:34 CET.

Flavor Version Tinstall Tcheck Ttotal Status Flags
r-devel-linux-x86_64-debian-clang 0.1.1 173.57 43.11 216.68 OK
r-devel-linux-x86_64-debian-gcc 0.1.1 118.88 33.15 152.03 OK
r-devel-linux-x86_64-fedora-clang 0.1.1 352.24 NOTE
r-devel-linux-x86_64-fedora-gcc 0.1.1 284.71 OK
r-devel-windows-x86_64-new-UL 0.1.1 229.00 109.00 338.00 OK
r-devel-windows-x86_64-new-TK 0.1.1 OK
r-patched-linux-x86_64 0.1.1 149.05 41.23 190.28 OK
r-release-linux-x86_64 0.1.1 OK
r-release-macos-arm64 0.1.1 NOTE
r-release-macos-x86_64 0.1.1 NOTE
r-release-windows-ix86+x86_64 0.1.1 430.00 88.00 518.00 OK
r-oldrel-macos-x86_64 0.1.1 NOTE
r-oldrel-windows-ix86+x86_64 0.1.1 431.00 99.00 530.00 OK

Check Details

Version: 0.1.1
Check: installed package size
Result: NOTE
     installed size is 9.1Mb
     sub-directories of 1Mb or more:
     libs 8.8Mb
Flavors: r-devel-linux-x86_64-fedora-clang, r-release-macos-arm64, r-release-macos-x86_64, r-oldrel-macos-x86_64