CRAN Package Check Results for Package rchie

Last updated on 2022-01-24 15:54:23 CET.

Flavor Version Tinstall Tcheck Ttotal Status Flags
r-devel-linux-x86_64-debian-clang 1.0.2 2.72 42.60 45.32 NOTE
r-devel-linux-x86_64-debian-gcc 1.0.2 1.97 32.79 34.76 NOTE
r-devel-linux-x86_64-fedora-clang 1.0.2 56.04 NOTE
r-devel-linux-x86_64-fedora-gcc 1.0.2 46.08 NOTE
r-devel-windows-x86_64-new-UL 1.0.2 53.00 70.00 123.00 NOTE
r-devel-windows-x86_64-new-TK 1.0.2 NOTE
r-patched-linux-x86_64 1.0.2 2.66 41.49 44.15 NOTE
r-release-linux-x86_64 1.0.2 2.90 40.55 43.45 NOTE
r-release-macos-arm64 1.0.2 NOTE
r-release-macos-x86_64 1.0.2 NOTE
r-release-windows-ix86+x86_64 1.0.2 10.00 68.00 78.00 NOTE
r-oldrel-macos-x86_64 1.0.2 OK
r-oldrel-windows-ix86+x86_64 1.0.2 10.00 70.00 80.00 OK

Check Details

Version: 1.0.2
Check: LazyData
Result: NOTE
     'LazyData' is specified without a 'data' directory
Flavors: r-devel-linux-x86_64-debian-clang, r-devel-linux-x86_64-debian-gcc, r-devel-linux-x86_64-fedora-clang, r-devel-linux-x86_64-fedora-gcc, r-devel-windows-x86_64-new-UL, r-devel-windows-x86_64-new-TK, r-patched-linux-x86_64, r-release-linux-x86_64, r-release-macos-arm64, r-release-macos-x86_64, r-release-windows-ix86+x86_64