CRAN Package Check Results for Package rcdklibs

Last updated on 2022-01-23 15:49:18 CET.

Flavor Version Tinstall Tcheck Ttotal Status Flags
r-devel-linux-x86_64-debian-clang 2.3 4.72 42.85 47.57 OK
r-devel-linux-x86_64-debian-gcc 2.3 4.14 36.74 40.88 OK
r-devel-linux-x86_64-fedora-clang 2.3 56.03 NOTE
r-devel-linux-x86_64-fedora-gcc 2.3 46.35 OK
r-devel-windows-x86_64-new-UL 2.3 17.00 60.00 77.00 NOTE
r-devel-windows-x86_64-new-TK 2.3 OK
r-patched-linux-x86_64 2.3 5.42 41.61 47.03 OK
r-release-linux-x86_64 2.3 5.08 41.61 46.69 OK
r-release-macos-arm64 2.3 NOTE
r-release-macos-x86_64 2.3 NOTE
r-release-windows-ix86+x86_64 2.3 12.00 42.00 54.00 NOTE
r-oldrel-macos-x86_64 2.3 NOTE
r-oldrel-windows-ix86+x86_64 2.3 11.00 53.00 64.00 NOTE

Check Details

Version: 2.3
Check: installed package size
Result: NOTE
     installed size is 25.9Mb
     sub-directories of 1Mb or more:
     cont 25.8Mb
Flavors: r-devel-linux-x86_64-fedora-clang, r-devel-windows-x86_64-new-UL, r-release-macos-arm64, r-release-macos-x86_64, r-release-windows-ix86+x86_64, r-oldrel-macos-x86_64, r-oldrel-windows-ix86+x86_64