CRAN Package Check Results for Package rbridge

Last updated on 2021-12-07 03:53:52 CET.

Flavor Version Tinstall Tcheck Ttotal Status Flags
r-devel-linux-x86_64-debian-clang 1.0.2 41.51 74.44 115.95 OK
r-devel-linux-x86_64-debian-gcc 1.0.2 35.55 60.25 95.80 OK
r-devel-linux-x86_64-fedora-clang 1.0.2 157.81 NOTE
r-devel-linux-x86_64-fedora-gcc 1.0.2 144.29 NOTE
r-devel-windows-x86_64-new-UL 1.0.2 55.00 130.00 185.00 OK
r-devel-windows-x86_64-new-TK 1.0.2 NOTE
r-devel-windows-x86_64-old 1.0.2 57.00 75.00 132.00 OK
r-patched-linux-x86_64 1.0.2 38.99 64.86 103.85 OK
r-release-linux-x86_64 1.0.2 38.52 73.66 112.18 OK
r-release-macos-arm64 1.0.2 NOTE
r-release-macos-x86_64 1.0.2 NOTE
r-release-windows-ix86+x86_64 1.0.2 80.00 135.00 215.00 OK
r-oldrel-macos-x86_64 1.0.2 NOTE
r-oldrel-windows-ix86+x86_64 1.0.2 102.00 130.00 232.00 OK

Check Details

Version: 1.0.2
Check: dependencies in R code
Result: NOTE
    Namespace in Imports field not imported from: ‘dplyr’
     All declared Imports should be used.
Flavors: r-devel-linux-x86_64-fedora-clang, r-devel-linux-x86_64-fedora-gcc, r-devel-windows-x86_64-new-TK, r-release-macos-arm64, r-release-macos-x86_64, r-oldrel-macos-x86_64