CRAN Package Check Results for Package ravelRy

Last updated on 2021-12-06 15:52:18 CET.

Flavor Version Tinstall Tcheck Ttotal Status Flags
r-devel-linux-x86_64-debian-clang 0.1.0 4.11 48.80 52.91 NOTE
r-devel-linux-x86_64-debian-gcc 0.1.0 3.57 37.29 40.86 NOTE
r-devel-linux-x86_64-fedora-clang 0.1.0 63.37 NOTE
r-devel-linux-x86_64-fedora-gcc 0.1.0 52.17 NOTE
r-devel-windows-x86_64-new-UL 0.1.0 11.00 75.00 86.00 NOTE
r-devel-windows-x86_64-new-TK 0.1.0 NOTE
r-devel-windows-x86_64-old 0.1.0 9.00 45.00 54.00 NOTE
r-patched-linux-x86_64 0.1.0 4.52 37.33 41.85 NOTE
r-release-linux-x86_64 0.1.0 4.25 45.19 49.44 NOTE
r-release-macos-arm64 0.1.0 NOTE
r-release-macos-x86_64 0.1.0 NOTE
r-release-windows-ix86+x86_64 0.1.0 11.00 58.00 69.00 NOTE
r-oldrel-macos-x86_64 0.1.0 NOTE
r-oldrel-windows-ix86+x86_64 0.1.0 11.00 56.00 67.00 OK

Check Details

Version: 0.1.0
Check: LazyData
Result: NOTE
     'LazyData' is specified without a 'data' directory
Flavors: r-devel-linux-x86_64-debian-clang, r-devel-linux-x86_64-debian-gcc, r-devel-linux-x86_64-fedora-clang, r-devel-linux-x86_64-fedora-gcc, r-devel-windows-x86_64-new-UL, r-devel-windows-x86_64-new-TK, r-devel-windows-x86_64-old, r-patched-linux-x86_64, r-release-linux-x86_64, r-release-macos-arm64, r-release-macos-x86_64, r-release-windows-ix86+x86_64

Version: 0.1.0
Check: dependencies in R code
Result: NOTE
    Namespace in Imports field not imported from: ‘tidyr’
     All declared Imports should be used.
Flavors: r-devel-linux-x86_64-fedora-clang, r-devel-linux-x86_64-fedora-gcc, r-devel-windows-x86_64-new-TK, r-release-macos-arm64, r-release-macos-x86_64, r-oldrel-macos-x86_64