CRAN Package Check Results for Package rattle

Last updated on 2021-10-22 15:53:18 CEST.

Flavor Version Tinstall Tcheck Ttotal Status Flags
r-devel-linux-x86_64-debian-clang 5.4.0 22.57 107.50 130.07 NOTE
r-devel-linux-x86_64-debian-gcc 5.4.0 20.01 80.07 100.08 NOTE
r-devel-linux-x86_64-fedora-clang 5.4.0 179.69 NOTE
r-devel-linux-x86_64-fedora-gcc 5.4.0 169.99 NOTE
r-devel-windows-x86_64 5.4.0 37.00 89.00 126.00 NOTE
r-devel-windows-x86_64-gcc10-UCRT 5.4.0 NOTE
r-patched-linux-x86_64 5.4.0 25.11 102.76 127.87 NOTE
r-patched-solaris-x86 5.4.0 197.20 NOTE
r-release-linux-x86_64 5.4.0 18.44 102.73 121.17 NOTE
r-release-macos-arm64 5.4.0 NOTE
r-release-macos-x86_64 5.4.0 NOTE
r-release-windows-ix86+x86_64 5.4.0 29.00 122.00 151.00 NOTE
r-oldrel-macos-x86_64 5.4.0 NOTE
r-oldrel-windows-ix86+x86_64 5.4.0 39.00 126.00 165.00 NOTE

Check Details

Version: 5.4.0
Check: package dependencies
Result: NOTE
    Package suggested but not available for checking: 'rggobi'
Flavors: r-devel-linux-x86_64-debian-clang, r-devel-linux-x86_64-debian-gcc, r-devel-linux-x86_64-fedora-gcc, r-patched-linux-x86_64, r-patched-solaris-x86, r-release-linux-x86_64, r-release-macos-x86_64, r-oldrel-macos-x86_64

Version: 5.4.0
Check: package dependencies
Result: NOTE
    Package suggested but not available for checking: ‘rggobi’
    
    Suggests orphaned packages:
     ‘RGtk2’ ‘cairoDevice’
Flavor: r-devel-linux-x86_64-fedora-clang

Version: 5.4.0
Check: installed package size
Result: NOTE
     installed size is 8.5Mb
     sub-directories of 1Mb or more:
     data 3.6Mb
     etc 1.9Mb
     po 1.2Mb
Flavors: r-devel-linux-x86_64-fedora-clang, r-devel-windows-x86_64, r-patched-solaris-x86, r-release-macos-arm64, r-release-macos-x86_64, r-release-windows-ix86+x86_64, r-oldrel-macos-x86_64, r-oldrel-windows-ix86+x86_64

Version: 5.4.0
Check: package dependencies
Result: NOTE
    Packages suggested but not available for checking:
     'arulesViz', 'cairoDevice', 'rggobi', 'RGtk2'
Flavor: r-devel-windows-x86_64-gcc10-UCRT

Version: 5.4.0
Check: package dependencies
Result: NOTE
    Packages suggested but not available for checking:
     'cairoDevice', 'rggobi', 'RGtk2', 'RODBC'
Flavor: r-release-macos-arm64