CRAN Package Check Results for Package rationalfun

Last updated on 2022-01-27 15:53:45 CET.

Flavor Version Tinstall Tcheck Ttotal Status Flags
r-devel-linux-x86_64-debian-clang 0.1-0 1.49 31.81 33.30 NOTE
r-devel-linux-x86_64-debian-gcc 0.1-0 1.96 24.93 26.89 NOTE
r-devel-linux-x86_64-fedora-clang 0.1-0 41.86 NOTE
r-devel-linux-x86_64-fedora-gcc 0.1-0 31.33 NOTE
r-devel-windows-x86_64-new-UL 0.1-0 31.00 50.00 81.00 NOTE
r-devel-windows-x86_64-new-TK 0.1-0 NOTE
r-patched-linux-x86_64 0.1-0 2.20 30.90 33.10 NOTE
r-release-linux-x86_64 0.1-0 2.19 30.77 32.96 NOTE
r-release-macos-arm64 0.1-0 NOTE
r-release-macos-x86_64 0.1-0 NOTE
r-release-windows-ix86+x86_64 0.1-0 5.00 36.00 41.00 NOTE
r-oldrel-macos-x86_64 0.1-0 NOTE
r-oldrel-windows-ix86+x86_64 0.1-0 5.00 40.00 45.00 NOTE

Check Details

Version: 0.1-0
Check: R code for possible problems
Result: NOTE
    .GCD: no visible global function definition for 'as.polynomial'
    .LCM: no visible global function definition for 'as.polynomial'
    .is_zero_polynomial: no visible global function definition for 'coef'
    .poly2expr: no visible global function definition for 'coef'
    integral.rationalfun: no visible global function definition for 'coef'
    integraterf.transcendent: no visible global function definition for
     'coef'
    rationalfun: no visible global function definition for 'polynomial'
    rationalfun.poly: no visible global function definition for
     'polynomial'
    rationalfun.poly: no visible global function definition for
     'is.polynomial'
    rfun: no visible global function definition for 'polynomial'
    rfun.poly: no visible global function definition for 'polynomial'
    rfun.poly: no visible global function definition for 'is.polynomial'
    simplify: no visible global function definition for 'coef'
    simplify: no visible global function definition for 'polynomial'
    Undefined global functions or variables:
     as.polynomial coef is.polynomial polynomial
    Consider adding
     importFrom("stats", "coef")
    to your NAMESPACE file.
Flavors: r-devel-linux-x86_64-debian-clang, r-devel-linux-x86_64-debian-gcc, r-devel-linux-x86_64-fedora-clang, r-devel-linux-x86_64-fedora-gcc, r-devel-windows-x86_64-new-UL, r-devel-windows-x86_64-new-TK, r-patched-linux-x86_64, r-release-linux-x86_64, r-release-macos-arm64, r-release-macos-x86_64, r-release-windows-ix86+x86_64, r-oldrel-macos-x86_64, r-oldrel-windows-ix86+x86_64