CRAN Package Check Results for Package ratematrix

Last updated on 2024-07-25 04:50:01 CEST.

Flavor Version Tinstall Tcheck Ttotal Status Flags
r-devel-linux-x86_64-debian-clang 1.2.4 69.83 191.67 261.50 NOTE
r-devel-linux-x86_64-debian-gcc 1.2.4 46.88 138.53 185.41 NOTE
r-devel-linux-x86_64-fedora-clang 1.2.4 373.71 NOTE
r-devel-linux-x86_64-fedora-gcc 1.2.4 334.29 NOTE
r-devel-windows-x86_64 1.2.4 55.00 170.00 225.00 NOTE
r-patched-linux-x86_64 1.2.4 63.67 182.60 246.27 NOTE
r-release-linux-x86_64 1.2.4 40.89 185.05 225.94 NOTE
r-release-macos-arm64 1.2.4 94.00 NOTE
r-release-macos-x86_64 1.2.4 193.00 NOTE
r-release-windows-x86_64 1.2.4 59.00 180.00 239.00 NOTE
r-oldrel-macos-arm64 1.2.4 94.00 NOTE
r-oldrel-macos-x86_64 1.2.4 166.00 NOTE
r-oldrel-windows-x86_64 1.2.4 67.00 217.00 284.00 NOTE

Check Details

Version: 1.2.4
Check: C++ specification
Result: NOTE Specified C++11: please drop specification unless essential Flavors: r-devel-linux-x86_64-debian-clang, r-devel-linux-x86_64-debian-gcc, r-devel-linux-x86_64-fedora-clang, r-devel-linux-x86_64-fedora-gcc, r-devel-windows-x86_64, r-patched-linux-x86_64, r-release-linux-x86_64, r-release-macos-arm64, r-release-macos-x86_64, r-release-windows-x86_64, r-oldrel-macos-arm64, r-oldrel-macos-x86_64, r-oldrel-windows-x86_64

Version: 1.2.4
Check: installed package size
Result: NOTE installed size is 6.6Mb sub-directories of 1Mb or more: libs 4.9Mb Flavors: r-release-macos-arm64, r-release-macos-x86_64, r-oldrel-macos-arm64, r-oldrel-macos-x86_64