Last updated on 2023-10-01 05:05:51 CEST.
Flavor | Version | Tinstall | Tcheck | Ttotal | Status | Flags |
---|---|---|---|---|---|---|
r-devel-linux-x86_64-debian-clang | 1.0.1 | 3.84 | 43.59 | 47.43 | NOTE | |
r-devel-linux-x86_64-debian-gcc | 1.0.1 | 2.97 | 32.61 | 35.58 | NOTE | |
r-devel-linux-x86_64-fedora-clang | 1.0.1 | 57.38 | NOTE | |||
r-devel-linux-x86_64-fedora-gcc | 1.0.1 | 70.28 | NOTE | |||
r-devel-windows-x86_64 | 1.0.1 | 5.00 | 56.00 | 61.00 | NOTE | |
r-patched-linux-x86_64 | 1.0.1 | 3.91 | 40.31 | 44.22 | NOTE | |
r-release-linux-x86_64 | 1.0.1 | 2.69 | 41.14 | 43.83 | NOTE | |
r-release-macos-arm64 | 1.0.1 | 28.00 | NOTE | |||
r-release-macos-x86_64 | 1.0.1 | 42.00 | NOTE | |||
r-release-windows-x86_64 | 1.0.1 | 6.00 | 58.00 | 64.00 | NOTE | |
r-oldrel-macos-arm64 | 1.0.1 | 24.00 | OK | |||
r-oldrel-macos-x86_64 | 1.0.1 | 31.00 | OK | |||
r-oldrel-windows-x86_64 | 1.0.1 | 6.00 | 63.00 | 69.00 | OK |
Version: 1.0.1
Check: package subdirectories
Result: NOTE
Problems with news in ‘NEWS.md’:
No news entries found.
Flavors: r-devel-linux-x86_64-debian-clang, r-devel-linux-x86_64-debian-gcc, r-devel-linux-x86_64-fedora-clang, r-devel-linux-x86_64-fedora-gcc, r-devel-windows-x86_64, r-patched-linux-x86_64, r-release-linux-x86_64, r-release-macos-arm64, r-release-macos-x86_64, r-release-windows-x86_64