CRAN Package Check Results for Package rappsflyer

Last updated on 2022-01-20 03:55:39 CET.

Flavor Version Tinstall Tcheck Ttotal Status Flags
r-devel-linux-x86_64-debian-clang 0.2.0 NOTE
r-devel-linux-x86_64-debian-gcc 0.2.0 3.62 45.02 48.64 NOTE
r-devel-linux-x86_64-fedora-clang 0.2.0 76.84 NOTE
r-devel-linux-x86_64-fedora-gcc 0.2.0 66.07 NOTE
r-devel-windows-x86_64-new-UL 0.2.0 34.00 79.00 113.00 NOTE
r-devel-windows-x86_64-new-TK 0.2.0 NOTE
r-patched-linux-x86_64 0.2.0 3.89 54.17 58.06 NOTE
r-release-linux-x86_64 0.2.0 NOTE
r-release-macos-arm64 0.2.0 NOTE
r-release-macos-x86_64 0.2.0 NOTE
r-release-windows-ix86+x86_64 0.2.0 15.00 66.00 81.00 NOTE
r-oldrel-macos-x86_64 0.2.0 OK
r-oldrel-windows-ix86+x86_64 0.2.0 14.00 68.00 82.00 OK

Check Details

Version: 0.2.0
Check: LazyData
Result: NOTE
     'LazyData' is specified without a 'data' directory
Flavors: r-devel-linux-x86_64-debian-clang, r-devel-linux-x86_64-debian-gcc, r-devel-linux-x86_64-fedora-clang, r-devel-linux-x86_64-fedora-gcc, r-devel-windows-x86_64-new-UL, r-devel-windows-x86_64-new-TK, r-patched-linux-x86_64, r-release-linux-x86_64, r-release-macos-arm64, r-release-macos-x86_64, r-release-windows-ix86+x86_64