CRAN Package Check Results for Package rangemap

Last updated on 2022-01-16 04:08:21 CET.

Flavor Version Tinstall Tcheck Ttotal Status Flags
r-devel-linux-x86_64-debian-clang 0.1.18 31.16 326.24 357.40 OK
r-devel-linux-x86_64-debian-gcc 0.1.18 30.33 242.10 272.43 OK
r-devel-linux-x86_64-fedora-clang 0.1.18 426.41 NOTE
r-devel-linux-x86_64-fedora-gcc 0.1.18 405.15 NOTE
r-devel-windows-x86_64-new-UL 0.1.18 107.00 364.00 471.00 OK
r-devel-windows-x86_64-new-TK 0.1.18 NOTE
r-patched-linux-x86_64 0.1.18 32.43 306.81 339.24 OK
r-release-linux-x86_64 0.1.18 31.60 308.50 340.10 OK
r-release-macos-arm64 0.1.18 NOTE
r-release-macos-x86_64 0.1.18 NOTE
r-release-windows-ix86+x86_64 0.1.18 84.00 386.00 470.00 OK
r-oldrel-macos-x86_64 0.1.18 NOTE
r-oldrel-windows-ix86+x86_64 0.1.18 84.00 407.00 491.00 OK

Check Details

Version: 0.1.18
Check: data for non-ASCII characters
Result: NOTE
     Note: found 7734 marked UTF-8 strings
Flavors: r-devel-linux-x86_64-fedora-clang, r-devel-linux-x86_64-fedora-gcc, r-devel-windows-x86_64-new-TK, r-release-macos-arm64, r-release-macos-x86_64, r-oldrel-macos-x86_64