CRAN Package Check Results for Package randomizr

Last updated on 2021-11-30 15:52:30 CET.

Flavor Version Tinstall Tcheck Ttotal Status Flags
r-devel-linux-x86_64-debian-clang 0.20.0 4.83 66.98 71.81 NOTE
r-devel-linux-x86_64-debian-gcc 0.20.0 4.01 50.49 54.50 NOTE
r-devel-linux-x86_64-fedora-clang 0.20.0 96.98 NOTE
r-devel-linux-x86_64-fedora-gcc 0.20.0 86.60 NOTE
r-devel-windows-x86_64-new-UL 0.20.0 17.00 111.00 128.00 NOTE
r-devel-windows-x86_64-new-TK 0.20.0 NOTE
r-devel-windows-x86_64-old 0.20.0 10.00 72.00 82.00 NOTE
r-patched-linux-x86_64 0.20.0 4.63 64.85 69.48 NOTE
r-patched-solaris-x86 0.20.0 93.40 NOTE
r-release-linux-x86_64 0.20.0 4.31 64.97 69.28 NOTE
r-release-macos-arm64 0.20.0 NOTE
r-release-macos-x86_64 0.20.0 NOTE
r-release-windows-ix86+x86_64 0.20.0 13.00 89.00 102.00 NOTE
r-oldrel-macos-x86_64 0.20.0 OK
r-oldrel-windows-ix86+x86_64 0.20.0 11.00 120.00 131.00 OK

Check Details

Version: 0.20.0
Check: LazyData
Result: NOTE
     'LazyData' is specified without a 'data' directory
Flavors: r-devel-linux-x86_64-debian-clang, r-devel-linux-x86_64-debian-gcc, r-devel-linux-x86_64-fedora-clang, r-devel-linux-x86_64-fedora-gcc, r-devel-windows-x86_64-new-UL, r-devel-windows-x86_64-new-TK, r-devel-windows-x86_64-old, r-patched-linux-x86_64, r-patched-solaris-x86, r-release-linux-x86_64, r-release-macos-arm64, r-release-macos-x86_64, r-release-windows-ix86+x86_64