CRAN Package Check Results for Package randomcoloR

Last updated on 2022-01-24 03:51:41 CET.

Flavor Version Tinstall Tcheck Ttotal Status Flags
r-devel-linux-x86_64-debian-clang 1.1.0.1 3.22 42.22 45.44 NOTE
r-devel-linux-x86_64-debian-gcc 1.1.0.1 2.65 33.42 36.07 NOTE
r-devel-linux-x86_64-fedora-clang 1.1.0.1 57.18 NOTE
r-devel-linux-x86_64-fedora-gcc 1.1.0.1 46.23 NOTE
r-devel-windows-x86_64-new-UL 1.1.0.1 19.00 68.00 87.00 NOTE
r-devel-windows-x86_64-new-TK 1.1.0.1 NOTE
r-patched-linux-x86_64 1.1.0.1 2.81 41.60 44.41 NOTE
r-release-linux-x86_64 1.1.0.1 3.24 40.96 44.20 NOTE
r-release-macos-arm64 1.1.0.1 NOTE
r-release-macos-x86_64 1.1.0.1 NOTE
r-release-windows-ix86+x86_64 1.1.0.1 11.00 64.00 75.00 NOTE
r-oldrel-macos-x86_64 1.1.0.1 OK
r-oldrel-windows-ix86+x86_64 1.1.0.1 11.00 65.00 76.00 OK

Check Details

Version: 1.1.0.1
Check: LazyData
Result: NOTE
     'LazyData' is specified without a 'data' directory
Flavors: r-devel-linux-x86_64-debian-clang, r-devel-linux-x86_64-debian-gcc, r-devel-linux-x86_64-fedora-clang, r-devel-linux-x86_64-fedora-gcc, r-devel-windows-x86_64-new-UL, r-devel-windows-x86_64-new-TK, r-patched-linux-x86_64, r-release-linux-x86_64, r-release-macos-arm64, r-release-macos-x86_64, r-release-windows-ix86+x86_64