CRAN Package Check Results for Package randomForestExplainer

Last updated on 2021-10-16 15:50:56 CEST.

Flavor Version Tinstall Tcheck Ttotal Status Flags
r-devel-linux-x86_64-debian-clang 0.10.1 7.65 242.25 249.90 NOTE
r-devel-linux-x86_64-debian-gcc 0.10.1 6.26 168.15 174.41 NOTE
r-devel-linux-x86_64-fedora-clang 0.10.1 286.43 NOTE
r-devel-linux-x86_64-fedora-gcc 0.10.1 277.21 NOTE
r-devel-windows-x86_64 0.10.1 9.00 221.00 230.00 NOTE
r-devel-windows-x86_64-gcc10-UCRT 0.10.1 NOTE
r-patched-linux-x86_64 0.10.1 6.30 222.77 229.07 NOTE
r-patched-solaris-x86 0.10.1 302.40 NOTE
r-release-linux-x86_64 0.10.1 6.15 219.88 226.03 NOTE
r-release-macos-arm64 0.10.1 NOTE
r-release-macos-x86_64 0.10.1 NOTE
r-release-windows-ix86+x86_64 0.10.1 18.00 279.00 297.00 NOTE
r-oldrel-macos-x86_64 0.10.1 OK
r-oldrel-windows-ix86+x86_64 0.10.1 18.00 282.00 300.00 OK

Check Details

Version: 0.10.1
Check: LazyData
Result: NOTE
     'LazyData' is specified without a 'data' directory
Flavors: r-devel-linux-x86_64-debian-clang, r-devel-linux-x86_64-debian-gcc, r-devel-linux-x86_64-fedora-clang, r-devel-linux-x86_64-fedora-gcc, r-devel-windows-x86_64, r-devel-windows-x86_64-gcc10-UCRT, r-patched-linux-x86_64, r-patched-solaris-x86, r-release-linux-x86_64, r-release-macos-arm64, r-release-macos-x86_64, r-release-windows-ix86+x86_64