CRAN Package Check Results for Package rando

Last updated on 2021-12-06 15:52:17 CET.

Flavor Version Tinstall Tcheck Ttotal Status Flags
r-devel-linux-x86_64-debian-clang 0.2.0 4.04 62.55 66.59 NOTE
r-devel-linux-x86_64-debian-gcc 0.2.0 2.97 48.25 51.22 NOTE
r-devel-linux-x86_64-fedora-clang 0.2.0 81.25 NOTE
r-devel-linux-x86_64-fedora-gcc 0.2.0 70.06 NOTE
r-devel-windows-x86_64-new-UL 0.2.0 13.00 98.00 111.00 NOTE
r-devel-windows-x86_64-new-TK 0.2.0 NOTE
r-devel-windows-x86_64-old 0.2.0 8.00 62.00 70.00 NOTE
r-patched-linux-x86_64 0.2.0 4.68 50.82 55.50 NOTE
r-release-linux-x86_64 0.2.0 3.77 59.90 63.67 NOTE
r-release-macos-arm64 0.2.0 NOTE
r-release-macos-x86_64 0.2.0 NOTE
r-release-windows-ix86+x86_64 0.2.0 9.00 80.00 89.00 NOTE
r-oldrel-macos-x86_64 0.2.0 OK
r-oldrel-windows-ix86+x86_64 0.2.0 9.00 81.00 90.00 OK

Check Details

Version: 0.2.0
Check: LazyData
Result: NOTE
     'LazyData' is specified without a 'data' directory
Flavors: r-devel-linux-x86_64-debian-clang, r-devel-linux-x86_64-debian-gcc, r-devel-linux-x86_64-fedora-clang, r-devel-linux-x86_64-fedora-gcc, r-devel-windows-x86_64-new-UL, r-devel-windows-x86_64-new-TK, r-devel-windows-x86_64-old, r-patched-linux-x86_64, r-release-linux-x86_64, r-release-macos-arm64, r-release-macos-x86_64, r-release-windows-ix86+x86_64