CRAN Package Check Results for Package ralger

Last updated on 2024-07-20 03:49:11 CEST.

Flavor Version Tinstall Tcheck Ttotal Status Flags
r-devel-linux-x86_64-debian-clang 2.2.4 5.36 65.59 70.95 NOTE
r-devel-linux-x86_64-debian-gcc 2.2.4 3.91 49.88 53.79 NOTE
r-devel-linux-x86_64-fedora-clang 2.2.4 90.27 NOTE
r-devel-linux-x86_64-fedora-gcc 2.2.4 96.93 NOTE
r-devel-windows-x86_64 2.2.4 9.00 76.00 85.00 NOTE
r-patched-linux-x86_64 2.2.4 4.96 63.51 68.47 NOTE
r-release-linux-x86_64 2.2.4 3.59 64.55 68.14 NOTE
r-release-macos-arm64 2.2.4 72.00 NOTE
r-release-macos-x86_64 2.2.4 83.00 NOTE
r-release-windows-x86_64 2.2.4 8.00 76.00 84.00 NOTE
r-oldrel-macos-arm64 2.2.4 49.00 NOTE
r-oldrel-macos-x86_64 2.2.4 66.00 NOTE
r-oldrel-windows-x86_64 2.2.4 8.00 84.00 92.00 NOTE

Check Details

Version: 2.2.4
Check: LazyData
Result: NOTE 'LazyData' is specified without a 'data' directory Flavors: r-devel-linux-x86_64-debian-clang, r-devel-linux-x86_64-debian-gcc, r-devel-linux-x86_64-fedora-clang, r-devel-linux-x86_64-fedora-gcc, r-devel-windows-x86_64, r-patched-linux-x86_64, r-release-linux-x86_64, r-release-macos-arm64, r-release-macos-x86_64, r-release-windows-x86_64, r-oldrel-macos-arm64, r-oldrel-macos-x86_64, r-oldrel-windows-x86_64