CRAN Package Check Results for Package ralger

Last updated on 2023-01-29 03:55:23 CET.

Flavor Version Tinstall Tcheck Ttotal Status Flags
r-devel-linux-x86_64-debian-clang 2.2.4 6.17 61.25 67.42 NOTE
r-devel-linux-x86_64-debian-gcc 2.2.4 4.88 45.72 50.60 NOTE
r-devel-linux-x86_64-fedora-clang 2.2.4 81.05 NOTE
r-devel-linux-x86_64-fedora-gcc 2.2.4 90.10 NOTE
r-patched-linux-x86_64 2.2.4 5.10 58.87 63.97 NOTE
r-release-linux-x86_64 2.2.4 4.87 60.53 65.40 NOTE
r-release-macos-arm64 2.2.4 44.00 NOTE
r-release-macos-x86_64 2.2.4 72.00 NOTE
r-release-windows-x86_64 2.2.4 13.00 104.00 117.00 NOTE
r-oldrel-macos-arm64 2.2.4 44.00 NOTE
r-oldrel-macos-x86_64 2.2.4 1803.00 NOTE
r-oldrel-windows-ix86+x86_64 2.2.4 15.00 99.00 114.00 NOTE

Check Details

Version: 2.2.4
Check: LazyData
Result: NOTE
     'LazyData' is specified without a 'data' directory
Flavors: r-devel-linux-x86_64-debian-clang, r-devel-linux-x86_64-debian-gcc, r-devel-linux-x86_64-fedora-clang, r-devel-linux-x86_64-fedora-gcc, r-patched-linux-x86_64, r-release-linux-x86_64, r-release-macos-arm64, r-release-macos-x86_64, r-release-windows-x86_64, r-oldrel-macos-arm64, r-oldrel-macos-x86_64, r-oldrel-windows-ix86+x86_64