CRAN Package Check Results for Package rainfarmr

Last updated on 2022-05-20 03:55:55 CEST.

Flavor Version Tinstall Tcheck Ttotal Status Flags
r-devel-linux-x86_64-debian-clang 0.1 2.67 32.85 35.52 NOTE
r-devel-linux-x86_64-debian-gcc 0.1 1.98 25.42 27.40 NOTE
r-devel-linux-x86_64-fedora-clang 0.1 43.62 NOTE
r-devel-linux-x86_64-fedora-gcc 0.1 41.77 NOTE
r-devel-windows-x86_64 0.1 24.00 45.00 69.00 NOTE
r-patched-linux-x86_64 0.1 2.88 31.89 34.77 NOTE
r-release-linux-x86_64 0.1 2.60 31.47 34.07 NOTE
r-release-macos-arm64 0.1 13.00 NOTE
r-release-macos-x86_64 0.1 20.00 NOTE
r-release-windows-x86_64 0.1 7.00 45.00 52.00 NOTE
r-oldrel-macos-arm64 0.1 24.00 NOTE
r-oldrel-macos-x86_64 0.1 27.00 NOTE
r-oldrel-windows-ix86+x86_64 0.1 6.00 27.00 33.00 NOTE

Check Details

Version: 0.1
Check: LazyData
Result: NOTE
     'LazyData' is specified without a 'data' directory
Flavors: r-devel-linux-x86_64-debian-clang, r-devel-linux-x86_64-debian-gcc, r-devel-linux-x86_64-fedora-clang, r-devel-linux-x86_64-fedora-gcc, r-devel-windows-x86_64, r-patched-linux-x86_64, r-release-linux-x86_64, r-release-macos-arm64, r-release-macos-x86_64, r-release-windows-x86_64, r-oldrel-macos-arm64, r-oldrel-macos-x86_64, r-oldrel-windows-ix86+x86_64