CRAN Package Check Results for Package rags2ridges

Last updated on 2021-10-25 04:00:23 CEST.

Flavor Version Tinstall Tcheck Ttotal Status Flags
r-devel-linux-x86_64-debian-clang 2.2.5 59.09 259.99 319.08 OK
r-devel-linux-x86_64-debian-gcc 2.2.5 47.65 188.90 236.55 OK
r-devel-linux-x86_64-fedora-clang 2.2.5 405.40 OK
r-devel-linux-x86_64-fedora-gcc 2.2.5 384.67 OK
r-devel-windows-x86_64 2.2.5 84.00 320.00 404.00 OK
r-devel-windows-x86_64-gcc10-UCRT 2.2.5 OK
r-patched-linux-x86_64 2.2.5 62.27 243.08 305.35 OK
r-patched-solaris-x86 2.2.5 460.60 OK
r-release-linux-x86_64 2.2.5 56.66 240.55 297.21 OK
r-release-macos-arm64 2.2.5 NOTE
r-release-macos-x86_64 2.2.5 NOTE
r-release-windows-ix86+x86_64 2.2.5 104.00 407.00 511.00 OK
r-oldrel-macos-x86_64 2.2.5 NOTE
r-oldrel-windows-ix86+x86_64 2.2.5 144.00 479.00 623.00 OK

Check Details

Version: 2.2.5
Check: installed package size
Result: NOTE
     installed size is 7.0Mb
     sub-directories of 1Mb or more:
     libs 5.7Mb
Flavors: r-release-macos-arm64, r-release-macos-x86_64, r-oldrel-macos-x86_64

Version: 2.2.5
Check: package dependencies
Result: NOTE
    Package suggested but not available for checking: ‘KEGGgraph’
Flavors: r-release-macos-x86_64, r-oldrel-macos-x86_64