CRAN Package Check Results for Package rafalib

Last updated on 2022-01-22 03:56:54 CET.

Flavor Version Tinstall Tcheck Ttotal Status Flags
r-devel-linux-x86_64-debian-clang 1.0.0 2.48 31.28 33.76 NOTE
r-devel-linux-x86_64-debian-gcc 1.0.0 1.51 24.63 26.14 NOTE
r-devel-linux-x86_64-fedora-clang 1.0.0 42.27 NOTE
r-devel-linux-x86_64-fedora-gcc 1.0.0 31.11 NOTE
r-devel-windows-x86_64-new-UL 1.0.0 28.00 64.00 92.00 NOTE
r-devel-windows-x86_64-new-TK 1.0.0 NOTE
r-patched-linux-x86_64 1.0.0 3.05 30.01 33.06 NOTE
r-release-linux-x86_64 1.0.0 1.80 30.28 32.08 NOTE
r-release-macos-arm64 1.0.0 NOTE
r-release-macos-x86_64 1.0.0 NOTE
r-release-windows-ix86+x86_64 1.0.0 5.00 30.00 35.00 NOTE
r-oldrel-macos-x86_64 1.0.0 OK
r-oldrel-windows-ix86+x86_64 1.0.0 4.00 28.00 32.00 OK

Check Details

Version: 1.0.0
Check: LazyData
Result: NOTE
     'LazyData' is specified without a 'data' directory
Flavors: r-devel-linux-x86_64-debian-clang, r-devel-linux-x86_64-debian-gcc, r-devel-linux-x86_64-fedora-clang, r-devel-linux-x86_64-fedora-gcc, r-devel-windows-x86_64-new-UL, r-devel-windows-x86_64-new-TK, r-patched-linux-x86_64, r-release-linux-x86_64, r-release-macos-arm64, r-release-macos-x86_64, r-release-windows-ix86+x86_64