CRAN Package Check Results for Package radmixture

Last updated on 2022-01-27 04:05:33 CET.

Flavor Version Tinstall Tcheck Ttotal Status Flags
r-devel-linux-x86_64-debian-clang 0.0.1 17.28 148.96 166.24 NOTE
r-devel-linux-x86_64-debian-gcc 0.0.1 14.99 110.50 125.49 NOTE
r-devel-linux-x86_64-fedora-clang 0.0.1 192.34 NOTE
r-devel-linux-x86_64-fedora-gcc 0.0.1 184.31 NOTE
r-devel-windows-x86_64-new-UL 0.0.1 48.00 162.00 210.00 NOTE
r-devel-windows-x86_64-new-TK 0.0.1 NOTE
r-patched-linux-x86_64 0.0.1 15.98 131.36 147.34 NOTE
r-release-linux-x86_64 0.0.1 14.43 130.43 144.86 NOTE
r-release-macos-arm64 0.0.1 NOTE
r-release-macos-x86_64 0.0.1 NOTE
r-release-windows-ix86+x86_64 0.0.1 42.00 206.00 248.00 NOTE
r-oldrel-macos-x86_64 0.0.1 OK
r-oldrel-windows-ix86+x86_64 0.0.1 42.00 211.00 253.00 OK

Additional issues

rchk

Check Details

Version: 0.0.1
Check: LazyData
Result: NOTE
     'LazyData' is specified without a 'data' directory
Flavors: r-devel-linux-x86_64-debian-clang, r-devel-linux-x86_64-debian-gcc, r-devel-linux-x86_64-fedora-clang, r-devel-linux-x86_64-fedora-gcc, r-devel-windows-x86_64-new-UL, r-devel-windows-x86_64-new-TK, r-patched-linux-x86_64, r-release-linux-x86_64, r-release-macos-arm64, r-release-macos-x86_64, r-release-windows-ix86+x86_64