CRAN Package Check Results for Package radlibs

Last updated on 2022-01-21 03:56:09 CET.

Flavor Version Tinstall Tcheck Ttotal Status Flags
r-devel-linux-x86_64-debian-clang 0.2.0 OK
r-devel-linux-x86_64-debian-gcc 0.2.0 1.91 34.58 36.49 OK
r-devel-linux-x86_64-fedora-clang 0.2.0 58.88 NOTE
r-devel-linux-x86_64-fedora-gcc 0.2.0 45.83 NOTE
r-devel-windows-x86_64-new-UL 0.2.0 15.00 84.00 99.00 OK
r-devel-windows-x86_64-new-TK 0.2.0 NOTE
r-patched-linux-x86_64 0.2.0 2.74 43.20 45.94 OK
r-release-linux-x86_64 0.2.0 2.54 42.37 44.91 OK
r-release-macos-arm64 0.2.0 NOTE
r-release-macos-x86_64 0.2.0 NOTE
r-release-windows-ix86+x86_64 0.2.0 6.00 53.00 59.00 OK
r-oldrel-macos-x86_64 0.2.0 NOTE
r-oldrel-windows-ix86+x86_64 0.2.0 6.00 54.00 60.00 OK

Check Details

Version: 0.2.0
Check: data for non-ASCII characters
Result: NOTE
     Note: found 3 marked UTF-8 strings
Flavors: r-devel-linux-x86_64-fedora-clang, r-devel-linux-x86_64-fedora-gcc, r-devel-windows-x86_64-new-TK, r-release-macos-arm64, r-release-macos-x86_64, r-oldrel-macos-x86_64