CRAN Package Check Results for Package radiant

Last updated on 2021-12-07 16:49:44 CET.

Flavor Version Tinstall Tcheck Ttotal Status Flags
r-devel-linux-x86_64-debian-clang 1.4.1 14.32 179.49 193.81 OK
r-devel-linux-x86_64-debian-gcc 1.4.1 10.02 135.09 145.11 OK
r-devel-linux-x86_64-fedora-clang 1.4.1 232.75 NOTE
r-devel-linux-x86_64-fedora-gcc 1.4.1 230.80 OK
r-devel-windows-x86_64-new-UL 1.4.1 21.00 237.00 258.00 NOTE
r-devel-windows-x86_64-new-TK 1.4.1 OK
r-devel-windows-x86_64-old 1.4.1 26.00 159.00 185.00 NOTE
r-patched-linux-x86_64 1.4.1 13.76 165.04 178.80 OK
r-release-linux-x86_64 1.4.1 12.44 166.50 178.94 OK
r-release-macos-arm64 1.4.1 NOTE
r-release-macos-x86_64 1.4.1 NOTE
r-release-windows-ix86+x86_64 1.4.1 40.00 203.00 243.00 NOTE
r-oldrel-macos-x86_64 1.4.1 NOTE
r-oldrel-windows-ix86+x86_64 1.4.1 45.00 203.00 248.00 NOTE

Check Details

Version: 1.4.1
Check: installed package size
Result: NOTE
     installed size is 5.3Mb
     sub-directories of 1Mb or more:
     doc 5.1Mb
Flavors: r-devel-linux-x86_64-fedora-clang, r-devel-windows-x86_64-new-UL, r-devel-windows-x86_64-old, r-release-macos-arm64, r-release-macos-x86_64, r-release-windows-ix86+x86_64, r-oldrel-macos-x86_64, r-oldrel-windows-ix86+x86_64