Last updated on 2022-06-25 15:51:32 CEST.
Flavor | Version | Tinstall | Tcheck | Ttotal | Status | Flags |
---|---|---|---|---|---|---|
r-devel-linux-x86_64-debian-clang | 4.23.1-2 | 138.31 | 194.96 | 333.27 | NOTE | |
r-devel-linux-x86_64-debian-gcc | 4.23.1-2 | 131.41 | 139.85 | 271.26 | NOTE | |
r-devel-linux-x86_64-fedora-clang | 4.23.1-2 | 474.06 | NOTE | |||
r-devel-linux-x86_64-fedora-gcc | 4.23.1-2 | 453.09 | NOTE | |||
r-devel-windows-x86_64 | 4.23.1-2 | 155.00 | 270.00 | 425.00 | NOTE | |
r-patched-linux-x86_64 | 4.23.1-2 | 132.05 | 180.31 | 312.36 | NOTE | |
r-release-linux-x86_64 | 4.23.1-2 | 135.52 | 181.10 | 316.62 | NOTE | |
r-release-macos-arm64 | 4.23.1-2 | 87.00 | NOTE | |||
r-release-macos-x86_64 | 4.23.1-2 | 137.00 | NOTE | |||
r-release-windows-x86_64 | 4.23.1-2 | 149.00 | 274.00 | 423.00 | NOTE | |
r-oldrel-macos-arm64 | 4.23.1-2 | 97.00 | NOTE | |||
r-oldrel-macos-x86_64 | 4.23.1-2 | 136.00 | NOTE | |||
r-oldrel-windows-ix86+x86_64 | 4.23.1-2 | 357.00 | 328.00 | 685.00 | NOTE |
Version: 4.23.1-2
Check: for GNU extensions in Makefiles
Result: NOTE
GNU make is a SystemRequirements.
Flavors: r-devel-linux-x86_64-debian-clang, r-devel-linux-x86_64-debian-gcc, r-devel-linux-x86_64-fedora-clang, r-devel-linux-x86_64-fedora-gcc, r-devel-windows-x86_64, r-patched-linux-x86_64, r-release-linux-x86_64, r-release-macos-arm64, r-release-macos-x86_64, r-release-windows-x86_64, r-oldrel-macos-arm64, r-oldrel-macos-x86_64, r-oldrel-windows-ix86+x86_64
Version: 4.23.1-2
Check: installed package size
Result: NOTE
installed size is 23.8Mb
sub-directories of 1Mb or more:
doc 7.8Mb
libs 15.0Mb
Flavors: r-devel-linux-x86_64-fedora-clang, r-devel-windows-x86_64, r-release-macos-arm64, r-release-macos-x86_64, r-release-windows-x86_64, r-oldrel-macos-arm64, r-oldrel-macos-x86_64, r-oldrel-windows-ix86+x86_64